{"id":7172,"date":"2025-03-05T18:22:35","date_gmt":"2025-03-05T18:22:35","guid":{"rendered":"https:\/\/bvbdl.de\/?page_id=7172"},"modified":"2025-03-05T18:27:00","modified_gmt":"2025-03-05T18:27:00","slug":"ice-das-controlling-tool-fuer-dorflaeden","status":"publish","type":"page","link":"https:\/\/bvbdl.de\/index.php\/ice-das-controlling-tool-fuer-dorflaeden\/","title":{"rendered":"ICE \u2013 Das Controlling-Tool f\u00fcr Dorfl\u00e4den"},"content":{"rendered":"\n<p class=\"has-text-align-center has-large-font-size\">Innovation | Controlling | Erfolg<\/p>\n\n\n\n<div class=\"wp-block-columns is-layout-flex wp-container-core-columns-is-layout-28f84493 wp-block-columns-is-layout-flex\">\n<div class=\"wp-block-column is-layout-flow wp-block-column-is-layout-flow\">\n<p style=\"font-size:24px\">Der Bundesverband der B\u00fcrger- und Dorfl\u00e4den e.V. stellt seinen Mitgliedern das innovative Controlling-Tool <strong>ICE<\/strong> (gem\u00e4\u00df StaRuG) kostenlos zur Verf\u00fcgung. Mit ICE k\u00f6nnen Sie den wirtschaftlichen Erfolg Ihres Dorfladens fr\u00fchzeitig erkennen \u2013 noch bevor die betriebswirtschaftliche Auswertung (BWA) oder der Jahresabschluss vorliegen.<\/p>\n\n\n\n<h4 class=\"wp-block-heading\"><strong>Warum ICE?<\/strong><\/h4>\n\n\n\n<p>\u2705 <strong>Fr\u00fchzeitige Erfolgskontrolle<\/strong> \u2013 Erkennen Sie finanzielle Entwicklungen rechtzeitig.<\/p>\n\n\n\n<p>\u2705 <strong>Einfache Bedienung<\/strong> \u2013 Nach der <strong>Einrichtung des ICE durch den Bundesverband<\/strong> sind nur wenige Eingaben erforderlich:<\/p>\n\n\n\n<ul class=\"wp-block-list\">\n<li><strong>Mitarbeiterplanung<\/strong><\/li>\n\n\n\n<li><strong>Tagesumsatz<\/strong><\/li>\n\n\n\n<li><strong>Tageskunden<\/strong><\/li>\n<\/ul>\n\n\n\n<p>\u2705 <strong>Automatische Funktionen<\/strong> \u2013 Der ICE erstellt:<\/p>\n\n\n\n<ul class=\"wp-block-list\">\n<li><strong>Mitarbeiter-Index<\/strong><\/li>\n\n\n\n<li><strong>Wirtschaftlichkeitsanalyse<\/strong><\/li>\n\n\n\n<li><strong>Stundenkontof\u00fchrung und Urlaubs\u00fcbersicht<\/strong> f\u00fcr jeden Mitarbeiter<\/li>\n\n\n\n<li><strong>\u00dcbersicht \u00fcber Umsatz und Kunden im Vergleich zum Vorjahr<\/strong><\/li>\n\n\n\n<li><strong>Mitarbeiterstatistik auf Tages- und Monatsbasis<\/strong><\/li>\n\n\n\n<li>u.v.m.<\/li>\n<\/ul>\n\n\n\n<p>\u2705 <strong>Nationaler Betriebsvergleich<\/strong> \u2013 Durch die Nutzung von ICE k\u00f6nnen Sie am nationalen Betriebsvergleich f\u00fcr Dorfl\u00e4den teilnehmen und wertvolle Benchmark-Daten erhalten.<\/p>\n\n\n\n<figure class=\"wp-block-image size-large\"><img loading=\"lazy\" decoding=\"async\" width=\"1024\" height=\"572\" src=\"https:\/\/bvbdl.de\/wp-content\/uploads\/2025\/03\/ICE-1024x572.jpg\" alt=\"\" class=\"wp-image-7173\" srcset=\"https:\/\/bvbdl.de\/wp-content\/uploads\/2025\/03\/ICE-1024x572.jpg 1024w, https:\/\/bvbdl.de\/wp-content\/uploads\/2025\/03\/ICE-300x168.jpg 300w, https:\/\/bvbdl.de\/wp-content\/uploads\/2025\/03\/ICE-768x429.jpg 768w, https:\/\/bvbdl.de\/wp-content\/uploads\/2025\/03\/ICE-1536x859.jpg 1536w, https:\/\/bvbdl.de\/wp-content\/uploads\/2025\/03\/ICE-2048x1145.jpg 2048w\" sizes=\"auto, (max-width: 1024px) 100vw, 1024px\" \/><\/figure>\n\n\n\n<h4 class=\"wp-block-heading\"><strong>Technische Voraussetzungen<\/strong><\/h4>\n\n\n\n<p>\ud83d\udd39 Microsoft Excel ab Version 2023 oder neuer<\/p>\n\n\n\n<p>Sichern Sie sich den langfristigen Erfolg Ihres Dorfladens und nutzen Sie ICE!<\/p>\n\n\n\n<figure class=\"wp-block-embed is-type-video is-provider-youtube wp-block-embed-youtube wp-embed-aspect-16-9 wp-has-aspect-ratio\"><div class=\"wp-block-embed__wrapper\">\n<iframe loading=\"lazy\" title=\"ICE Personaleinsatzplanung 2024ff\" width=\"750\" height=\"422\" src=\"https:\/\/www.youtube.com\/embed\/OyswlUOzVVM?feature=oembed\" frameborder=\"0\" allow=\"accelerometer; autoplay; clipboard-write; encrypted-media; gyroscope; picture-in-picture; web-share\" referrerpolicy=\"strict-origin-when-cross-origin\" allowfullscreen><\/iframe>\n<\/div><\/figure>\n\n\n\n<p><\/p>\n\n\n\n<p>Bei Interesse nehmen Sie <a href=\"https:\/\/bvbdl.de\/index.php\/das-beraterteam\/\">hier Kontakt<\/a> mit uns auf.<\/p>\n<\/div>\n<\/div>\n","protected":false},"excerpt":{"rendered":"<p>Innovation | Controlling | Erfolg Der Bundesverband der B\u00fcrger- und Dorfl\u00e4den e.V. stellt seinen Mitgliedern das innovative Controlling-Tool ICE (gem\u00e4\u00df StaRuG) kostenlos zur Verf\u00fcgung. Mit ICE k\u00f6nnen Sie den wirtschaftlichen Erfolg Ihres Dorfladens fr\u00fchzeitig erkennen \u2013 noch bevor die betriebswirtschaftliche Auswertung (BWA) oder der Jahresabschluss vorliegen. Warum ICE? \u2705 Fr\u00fchzeitige [&hellip;]<\/p>\n","protected":false},"author":6,"featured_media":7173,"parent":0,"menu_order":0,"comment_status":"closed","ping_status":"closed","template":"page-templates\/template-fullwidth.php","meta":{"_eb_attr":"","_themeisle_gutenberg_block_has_review":false,"footnotes":""},"class_list":["post-7172","page","type-page","status-publish","has-post-thumbnail","hentry"],"yoast_head":"<!-- This site is optimized with the Yoast SEO plugin v26.0 - https:\/\/yoast.com\/wordpress\/plugins\/seo\/ -->\n<title>ICE \u2013 Das Controlling-Tool f\u00fcr Dorfl\u00e4den - Bundesverband der B\u00fcrger- und Dorfl\u00e4den e.V. - Das Dorfladen Netzwerk<\/title>\n<meta name=\"description\" content=\"\u00dcberblick \u00fcber die Funktionen unserer Dorfladen Ap. Kommunikation zu Kunden sowie interner Austausch der Mitglieder des Bundesverbandes.\" \/>\n<meta name=\"robots\" content=\"index, follow, max-snippet:-1, max-image-preview:large, max-video-preview:-1\" \/>\n<link rel=\"canonical\" href=\"https:\/\/bvbdl.de\/index.php\/ice-das-controlling-tool-fuer-dorflaeden\/\" \/>\n<meta property=\"og:locale\" content=\"de_DE\" \/>\n<meta property=\"og:type\" content=\"article\" \/>\n<meta property=\"og:title\" content=\"ICE \u2013 Das Controlling-Tool f\u00fcr Dorfl\u00e4den - Bundesverband der B\u00fcrger- und Dorfl\u00e4den e.V. - Das Dorfladen Netzwerk\" \/>\n<meta property=\"og:description\" content=\"\u00dcberblick \u00fcber die Funktionen unserer Dorfladen Ap. Kommunikation zu Kunden sowie interner Austausch der Mitglieder des Bundesverbandes.\" \/>\n<meta property=\"og:url\" content=\"https:\/\/bvbdl.de\/index.php\/ice-das-controlling-tool-fuer-dorflaeden\/\" \/>\n<meta property=\"og:site_name\" content=\"Bundesverband der B\u00fcrger- und Dorfl\u00e4den e.V. - Das Dorfladen Netzwerk\" \/>\n<meta property=\"article:publisher\" content=\"https:\/\/www.facebook.com\/Dorfladen.Familie\" \/>\n<meta property=\"article:modified_time\" content=\"2025-03-05T18:27:00+00:00\" \/>\n<meta property=\"og:image\" content=\"https:\/\/bvbdl.de\/wp-content\/uploads\/2025\/03\/ICE.jpg\" \/>\n\t<meta property=\"og:image:width\" content=\"2560\" \/>\n\t<meta property=\"og:image:height\" content=\"1431\" \/>\n\t<meta property=\"og:image:type\" content=\"image\/jpeg\" \/>\n<meta name=\"twitter:card\" content=\"summary_large_image\" \/>\n<meta name=\"twitter:label1\" content=\"Gesch\u00e4tzte Lesezeit\" \/>\n\t<meta name=\"twitter:data1\" content=\"1\u00a0Minute\" \/>\n<script type=\"application\/ld+json\" class=\"yoast-schema-graph\">{\"@context\":\"https:\/\/schema.org\",\"@graph\":[{\"@type\":\"WebPage\",\"@id\":\"https:\/\/bvbdl.de\/index.php\/ice-das-controlling-tool-fuer-dorflaeden\/\",\"url\":\"https:\/\/bvbdl.de\/index.php\/ice-das-controlling-tool-fuer-dorflaeden\/\",\"name\":\"ICE \u2013 Das Controlling-Tool f\u00fcr Dorfl\u00e4den - Bundesverband der B\u00fcrger- und Dorfl\u00e4den e.V. - Das Dorfladen Netzwerk\",\"isPartOf\":{\"@id\":\"https:\/\/bvbdl.de\/#website\"},\"primaryImageOfPage\":{\"@id\":\"https:\/\/bvbdl.de\/index.php\/ice-das-controlling-tool-fuer-dorflaeden\/#primaryimage\"},\"image\":{\"@id\":\"https:\/\/bvbdl.de\/index.php\/ice-das-controlling-tool-fuer-dorflaeden\/#primaryimage\"},\"thumbnailUrl\":\"https:\/\/bvbdl.de\/wp-content\/uploads\/2025\/03\/ICE.jpg\",\"datePublished\":\"2025-03-05T18:22:35+00:00\",\"dateModified\":\"2025-03-05T18:27:00+00:00\",\"description\":\"\u00dcberblick \u00fcber die Funktionen unserer Dorfladen Ap. Kommunikation zu Kunden sowie interner Austausch der Mitglieder des Bundesverbandes.\",\"breadcrumb\":{\"@id\":\"https:\/\/bvbdl.de\/index.php\/ice-das-controlling-tool-fuer-dorflaeden\/#breadcrumb\"},\"inLanguage\":\"de\",\"potentialAction\":[{\"@type\":\"ReadAction\",\"target\":[\"https:\/\/bvbdl.de\/index.php\/ice-das-controlling-tool-fuer-dorflaeden\/\"]}]},{\"@type\":\"ImageObject\",\"inLanguage\":\"de\",\"@id\":\"https:\/\/bvbdl.de\/index.php\/ice-das-controlling-tool-fuer-dorflaeden\/#primaryimage\",\"url\":\"https:\/\/bvbdl.de\/wp-content\/uploads\/2025\/03\/ICE.jpg\",\"contentUrl\":\"https:\/\/bvbdl.de\/wp-content\/uploads\/2025\/03\/ICE.jpg\",\"width\":2560,\"height\":1431},{\"@type\":\"BreadcrumbList\",\"@id\":\"https:\/\/bvbdl.de\/index.php\/ice-das-controlling-tool-fuer-dorflaeden\/#breadcrumb\",\"itemListElement\":[{\"@type\":\"ListItem\",\"position\":1,\"name\":\"Home\",\"item\":\"https:\/\/bvbdl.de\/\"},{\"@type\":\"ListItem\",\"position\":2,\"name\":\"ICE \u2013 Das Controlling-Tool f\u00fcr Dorfl\u00e4den\"}]},{\"@type\":\"WebSite\",\"@id\":\"https:\/\/bvbdl.de\/#website\",\"url\":\"https:\/\/bvbdl.de\/\",\"name\":\"Bundesverband der B\u00fcrger- und Dorfl\u00e4den e.V. - Das Dorfladen Netzwerk\",\"description\":\"bvbdl.de\",\"publisher\":{\"@id\":\"https:\/\/bvbdl.de\/#organization\"},\"potentialAction\":[{\"@type\":\"SearchAction\",\"target\":{\"@type\":\"EntryPoint\",\"urlTemplate\":\"https:\/\/bvbdl.de\/?s={search_term_string}\"},\"query-input\":{\"@type\":\"PropertyValueSpecification\",\"valueRequired\":true,\"valueName\":\"search_term_string\"}}],\"inLanguage\":\"de\"},{\"@type\":\"Organization\",\"@id\":\"https:\/\/bvbdl.de\/#organization\",\"name\":\"Bundesverband der B\u00fcrger- und Dorfl\u00e4den in Deutschland e.V.\",\"url\":\"https:\/\/bvbdl.de\/\",\"logo\":{\"@type\":\"ImageObject\",\"inLanguage\":\"de\",\"@id\":\"https:\/\/bvbdl.de\/#\/schema\/logo\/image\/\",\"url\":\"https:\/\/bvbdl.de\/wp-content\/uploads\/2025\/02\/Logo_Bundesverband_with_border.png\",\"contentUrl\":\"https:\/\/bvbdl.de\/wp-content\/uploads\/2025\/02\/Logo_Bundesverband_with_border.png\",\"width\":302,\"height\":278,\"caption\":\"Bundesverband der B\u00fcrger- und Dorfl\u00e4den in Deutschland e.V.\"},\"image\":{\"@id\":\"https:\/\/bvbdl.de\/#\/schema\/logo\/image\/\"},\"sameAs\":[\"https:\/\/www.facebook.com\/Dorfladen.Familie\",\"https:\/\/www.instagram.com\/dorfladennetzwerk\/\",\"https:\/\/www.youtube.com\/channel\/UCiIcZBpITXauy6ydrZiZIew\"]}]}<\/script>\n<!-- \/ Yoast SEO plugin. -->","yoast_head_json":{"title":"ICE \u2013 Das Controlling-Tool f\u00fcr Dorfl\u00e4den - Bundesverband der B\u00fcrger- und Dorfl\u00e4den e.V. - Das Dorfladen Netzwerk","description":"\u00dcberblick \u00fcber die Funktionen unserer Dorfladen Ap. Kommunikation zu Kunden sowie interner Austausch der Mitglieder des Bundesverbandes.","robots":{"index":"index","follow":"follow","max-snippet":"max-snippet:-1","max-image-preview":"max-image-preview:large","max-video-preview":"max-video-preview:-1"},"canonical":"https:\/\/bvbdl.de\/index.php\/ice-das-controlling-tool-fuer-dorflaeden\/","og_locale":"de_DE","og_type":"article","og_title":"ICE \u2013 Das Controlling-Tool f\u00fcr Dorfl\u00e4den - Bundesverband der B\u00fcrger- und Dorfl\u00e4den e.V. - Das Dorfladen Netzwerk","og_description":"\u00dcberblick \u00fcber die Funktionen unserer Dorfladen Ap. Kommunikation zu Kunden sowie interner Austausch der Mitglieder des Bundesverbandes.","og_url":"https:\/\/bvbdl.de\/index.php\/ice-das-controlling-tool-fuer-dorflaeden\/","og_site_name":"Bundesverband der B\u00fcrger- und Dorfl\u00e4den e.V. - Das Dorfladen Netzwerk","article_publisher":"https:\/\/www.facebook.com\/Dorfladen.Familie","article_modified_time":"2025-03-05T18:27:00+00:00","og_image":[{"width":2560,"height":1431,"url":"https:\/\/bvbdl.de\/wp-content\/uploads\/2025\/03\/ICE.jpg","type":"image\/jpeg"}],"twitter_card":"summary_large_image","twitter_misc":{"Gesch\u00e4tzte Lesezeit":"1\u00a0Minute"},"schema":{"@context":"https:\/\/schema.org","@graph":[{"@type":"WebPage","@id":"https:\/\/bvbdl.de\/index.php\/ice-das-controlling-tool-fuer-dorflaeden\/","url":"https:\/\/bvbdl.de\/index.php\/ice-das-controlling-tool-fuer-dorflaeden\/","name":"ICE \u2013 Das Controlling-Tool f\u00fcr Dorfl\u00e4den - Bundesverband der B\u00fcrger- und Dorfl\u00e4den e.V. - Das Dorfladen Netzwerk","isPartOf":{"@id":"https:\/\/bvbdl.de\/#website"},"primaryImageOfPage":{"@id":"https:\/\/bvbdl.de\/index.php\/ice-das-controlling-tool-fuer-dorflaeden\/#primaryimage"},"image":{"@id":"https:\/\/bvbdl.de\/index.php\/ice-das-controlling-tool-fuer-dorflaeden\/#primaryimage"},"thumbnailUrl":"https:\/\/bvbdl.de\/wp-content\/uploads\/2025\/03\/ICE.jpg","datePublished":"2025-03-05T18:22:35+00:00","dateModified":"2025-03-05T18:27:00+00:00","description":"\u00dcberblick \u00fcber die Funktionen unserer Dorfladen Ap. Kommunikation zu Kunden sowie interner Austausch der Mitglieder des Bundesverbandes.","breadcrumb":{"@id":"https:\/\/bvbdl.de\/index.php\/ice-das-controlling-tool-fuer-dorflaeden\/#breadcrumb"},"inLanguage":"de","potentialAction":[{"@type":"ReadAction","target":["https:\/\/bvbdl.de\/index.php\/ice-das-controlling-tool-fuer-dorflaeden\/"]}]},{"@type":"ImageObject","inLanguage":"de","@id":"https:\/\/bvbdl.de\/index.php\/ice-das-controlling-tool-fuer-dorflaeden\/#primaryimage","url":"https:\/\/bvbdl.de\/wp-content\/uploads\/2025\/03\/ICE.jpg","contentUrl":"https:\/\/bvbdl.de\/wp-content\/uploads\/2025\/03\/ICE.jpg","width":2560,"height":1431},{"@type":"BreadcrumbList","@id":"https:\/\/bvbdl.de\/index.php\/ice-das-controlling-tool-fuer-dorflaeden\/#breadcrumb","itemListElement":[{"@type":"ListItem","position":1,"name":"Home","item":"https:\/\/bvbdl.de\/"},{"@type":"ListItem","position":2,"name":"ICE \u2013 Das Controlling-Tool f\u00fcr Dorfl\u00e4den"}]},{"@type":"WebSite","@id":"https:\/\/bvbdl.de\/#website","url":"https:\/\/bvbdl.de\/","name":"Bundesverband der B\u00fcrger- und Dorfl\u00e4den e.V. - Das Dorfladen Netzwerk","description":"bvbdl.de","publisher":{"@id":"https:\/\/bvbdl.de\/#organization"},"potentialAction":[{"@type":"SearchAction","target":{"@type":"EntryPoint","urlTemplate":"https:\/\/bvbdl.de\/?s={search_term_string}"},"query-input":{"@type":"PropertyValueSpecification","valueRequired":true,"valueName":"search_term_string"}}],"inLanguage":"de"},{"@type":"Organization","@id":"https:\/\/bvbdl.de\/#organization","name":"Bundesverband der B\u00fcrger- und Dorfl\u00e4den in Deutschland e.V.","url":"https:\/\/bvbdl.de\/","logo":{"@type":"ImageObject","inLanguage":"de","@id":"https:\/\/bvbdl.de\/#\/schema\/logo\/image\/","url":"https:\/\/bvbdl.de\/wp-content\/uploads\/2025\/02\/Logo_Bundesverband_with_border.png","contentUrl":"https:\/\/bvbdl.de\/wp-content\/uploads\/2025\/02\/Logo_Bundesverband_with_border.png","width":302,"height":278,"caption":"Bundesverband der B\u00fcrger- und Dorfl\u00e4den in Deutschland e.V."},"image":{"@id":"https:\/\/bvbdl.de\/#\/schema\/logo\/image\/"},"sameAs":["https:\/\/www.facebook.com\/Dorfladen.Familie","https:\/\/www.instagram.com\/dorfladennetzwerk\/","https:\/\/www.youtube.com\/channel\/UCiIcZBpITXauy6ydrZiZIew"]}]}},"_links":{"self":[{"href":"https:\/\/bvbdl.de\/index.php\/wp-json\/wp\/v2\/pages\/7172","targetHints":{"allow":["GET"]}}],"collection":[{"href":"https:\/\/bvbdl.de\/index.php\/wp-json\/wp\/v2\/pages"}],"about":[{"href":"https:\/\/bvbdl.de\/index.php\/wp-json\/wp\/v2\/types\/page"}],"author":[{"embeddable":true,"href":"https:\/\/bvbdl.de\/index.php\/wp-json\/wp\/v2\/users\/6"}],"replies":[{"embeddable":true,"href":"https:\/\/bvbdl.de\/index.php\/wp-json\/wp\/v2\/comments?post=7172"}],"version-history":[{"count":4,"href":"https:\/\/bvbdl.de\/index.php\/wp-json\/wp\/v2\/pages\/7172\/revisions"}],"predecessor-version":[{"id":7178,"href":"https:\/\/bvbdl.de\/index.php\/wp-json\/wp\/v2\/pages\/7172\/revisions\/7178"}],"wp:featuredmedia":[{"embeddable":true,"href":"https:\/\/bvbdl.de\/index.php\/wp-json\/wp\/v2\/media\/7173"}],"wp:attachment":[{"href":"https:\/\/bvbdl.de\/index.php\/wp-json\/wp\/v2\/media?parent=7172"}],"curies":[{"name":"wp","href":"https:\/\/api.w.org\/{rel}","templated":true}]}}