{"id":6564,"date":"2024-04-15T14:43:42","date_gmt":"2024-04-15T14:43:42","guid":{"rendered":"https:\/\/bvbdl.de\/?page_id=6564"},"modified":"2025-05-26T08:07:32","modified_gmt":"2025-05-26T08:07:32","slug":"konzeptplanung","status":"publish","type":"page","link":"https:\/\/bvbdl.de\/index.php\/konzeptplanung\/","title":{"rendered":"Konzeptplanung"},"content":{"rendered":"\n<figure class=\"wp-block-embed is-type-rich is-provider-handler-einbetten wp-block-embed-handler-einbetten\"><div class=\"wp-block-embed__wrapper\">\n<div style=\"width: 640px;\" class=\"wp-video\"><!--[if lt IE 9]><script>document.createElement('video');<\/script><![endif]-->\n<video class=\"wp-video-shortcode\" id=\"video-6564-1\" width=\"640\" height=\"360\" preload=\"metadata\" controls=\"controls\"><source type=\"video\/mp4\" src=\"https:\/\/s3.cloud2.c-dev.io\/ideen-dorfladen-video\/Digitaldurchgang%20Wildsteig%20280422.mp4?_=1\" \/><a href=\"https:\/\/s3.cloud2.c-dev.io\/ideen-dorfladen-video\/Digitaldurchgang%20Wildsteig%20280422.mp4\">https:\/\/s3.cloud2.c-dev.io\/ideen-dorfladen-video\/Digitaldurchgang%20Wildsteig%20280422.mp4<\/a><\/video><\/div>\n<\/div><\/figure>\n\n\n\n<p>Planung in 2D und 3D \u2013 ma\u00dfstabsgetreu, flexibel und anschaulich<\/p>\n\n\n\n<p>Mit unserem digitalen Planungsprogramm erstellen wir gemeinsam mit Ihnen eine <strong>ma\u00dfstabsgetreue Visualisierung Ihres Ladens<\/strong>. Regale, Theken, K\u00fchltechnik und Servicezonen werden exakt geplant und auf die Gegebenheiten vor Ort abgestimmt. \u00c4nderungen oder Varianten k\u00f6nnen jederzeit ber\u00fccksichtigt werden \u2013 so entsteht Planungssicherheit auf allen Seiten.<\/p>\n\n\n\n<p>Zus\u00e4tzlich kann die Visualisierung dabei helfen, B\u00fcrger, Entscheidungstr\u00e4ger oder F\u00f6rdermittelgeber zu \u00fcberzeugen.<\/p>\n\n\n\n<p>Planung:<\/p>\n\n\n\n<figure class=\"wp-block-embed is-type-video is-provider-youtube wp-block-embed-youtube wp-embed-aspect-16-9 wp-has-aspect-ratio\"><div class=\"wp-block-embed__wrapper\">\n<iframe loading=\"lazy\" title=\"Dorfladen-Ladenbau Praxisbeispiel\" width=\"750\" height=\"422\" src=\"https:\/\/www.youtube.com\/embed\/Rg_DoEyS2tA?feature=oembed\" frameborder=\"0\" allow=\"accelerometer; autoplay; clipboard-write; encrypted-media; gyroscope; picture-in-picture; web-share\" referrerpolicy=\"strict-origin-when-cross-origin\" allowfullscreen><\/iframe>\n<\/div><\/figure>\n\n\n\n<p>Umsetzung:<\/p>\n\n\n\n<figure class=\"wp-block-embed is-type-video is-provider-youtube wp-block-embed-youtube wp-embed-aspect-16-9 wp-has-aspect-ratio\"><div class=\"wp-block-embed__wrapper\">\n<iframe loading=\"lazy\" title=\"Umsetzung Ladenbau\" width=\"750\" height=\"422\" src=\"https:\/\/www.youtube.com\/embed\/lDzzFydyt1A?feature=oembed\" frameborder=\"0\" allow=\"accelerometer; autoplay; clipboard-write; encrypted-media; gyroscope; picture-in-picture; web-share\" referrerpolicy=\"strict-origin-when-cross-origin\" allowfullscreen><\/iframe>\n<\/div><\/figure>\n","protected":false},"excerpt":{"rendered":"<p>Planung in 2D und 3D \u2013 ma\u00dfstabsgetreu, flexibel und anschaulich Mit unserem digitalen Planungsprogramm erstellen wir gemeinsam mit Ihnen eine ma\u00dfstabsgetreue Visualisierung Ihres Ladens. Regale, Theken, K\u00fchltechnik und Servicezonen werden exakt geplant und auf die Gegebenheiten vor Ort abgestimmt. \u00c4nderungen oder Varianten k\u00f6nnen jederzeit ber\u00fccksichtigt werden \u2013 so entsteht Planungssicherheit [&hellip;]<\/p>\n","protected":false},"author":6,"featured_media":0,"parent":0,"menu_order":0,"comment_status":"closed","ping_status":"closed","template":"","meta":{"_eb_attr":"","_themeisle_gutenberg_block_has_review":false,"footnotes":""},"class_list":["post-6564","page","type-page","status-publish","hentry"],"yoast_head":"<!-- This site is optimized with the Yoast SEO plugin v26.0 - https:\/\/yoast.com\/wordpress\/plugins\/seo\/ -->\n<title>Konzeptplanung - Bundesverband der B\u00fcrger- und Dorfl\u00e4den e.V. - Das Dorfladen Netzwerk<\/title>\n<meta name=\"description\" content=\"Die Seite f\u00fcr Dorfladen Know How\" \/>\n<meta name=\"robots\" content=\"index, follow, max-snippet:-1, max-image-preview:large, max-video-preview:-1\" \/>\n<link rel=\"canonical\" href=\"https:\/\/bvbdl.de\/index.php\/konzeptplanung\/\" \/>\n<meta property=\"og:locale\" content=\"de_DE\" \/>\n<meta property=\"og:type\" content=\"article\" \/>\n<meta property=\"og:title\" content=\"Konzeptplanung - Bundesverband der B\u00fcrger- und Dorfl\u00e4den e.V. - Das Dorfladen Netzwerk\" \/>\n<meta property=\"og:description\" content=\"Die Seite f\u00fcr Dorfladen Know How\" \/>\n<meta property=\"og:url\" content=\"https:\/\/bvbdl.de\/index.php\/konzeptplanung\/\" \/>\n<meta property=\"og:site_name\" content=\"Bundesverband der B\u00fcrger- und Dorfl\u00e4den e.V. - Das Dorfladen Netzwerk\" \/>\n<meta property=\"article:publisher\" content=\"https:\/\/www.facebook.com\/Dorfladen.Familie\" \/>\n<meta property=\"article:modified_time\" content=\"2025-05-26T08:07:32+00:00\" \/>\n<meta name=\"twitter:card\" content=\"summary_large_image\" \/>\n<meta name=\"twitter:label1\" content=\"Gesch\u00e4tzte Lesezeit\" \/>\n\t<meta name=\"twitter:data1\" content=\"1\u00a0Minute\" \/>\n<script type=\"application\/ld+json\" class=\"yoast-schema-graph\">{\"@context\":\"https:\/\/schema.org\",\"@graph\":[{\"@type\":\"WebPage\",\"@id\":\"https:\/\/bvbdl.de\/index.php\/konzeptplanung\/\",\"url\":\"https:\/\/bvbdl.de\/index.php\/konzeptplanung\/\",\"name\":\"Konzeptplanung - Bundesverband der B\u00fcrger- und Dorfl\u00e4den e.V. - Das Dorfladen Netzwerk\",\"isPartOf\":{\"@id\":\"https:\/\/bvbdl.de\/#website\"},\"datePublished\":\"2024-04-15T14:43:42+00:00\",\"dateModified\":\"2025-05-26T08:07:32+00:00\",\"description\":\"Die Seite f\u00fcr Dorfladen Know How\",\"breadcrumb\":{\"@id\":\"https:\/\/bvbdl.de\/index.php\/konzeptplanung\/#breadcrumb\"},\"inLanguage\":\"de\",\"potentialAction\":[{\"@type\":\"ReadAction\",\"target\":[\"https:\/\/bvbdl.de\/index.php\/konzeptplanung\/\"]}]},{\"@type\":\"BreadcrumbList\",\"@id\":\"https:\/\/bvbdl.de\/index.php\/konzeptplanung\/#breadcrumb\",\"itemListElement\":[{\"@type\":\"ListItem\",\"position\":1,\"name\":\"Home\",\"item\":\"https:\/\/bvbdl.de\/\"},{\"@type\":\"ListItem\",\"position\":2,\"name\":\"Konzeptplanung\"}]},{\"@type\":\"WebSite\",\"@id\":\"https:\/\/bvbdl.de\/#website\",\"url\":\"https:\/\/bvbdl.de\/\",\"name\":\"Bundesverband der B\u00fcrger- und Dorfl\u00e4den e.V. - Das Dorfladen Netzwerk\",\"description\":\"bvbdl.de\",\"publisher\":{\"@id\":\"https:\/\/bvbdl.de\/#organization\"},\"potentialAction\":[{\"@type\":\"SearchAction\",\"target\":{\"@type\":\"EntryPoint\",\"urlTemplate\":\"https:\/\/bvbdl.de\/?s={search_term_string}\"},\"query-input\":{\"@type\":\"PropertyValueSpecification\",\"valueRequired\":true,\"valueName\":\"search_term_string\"}}],\"inLanguage\":\"de\"},{\"@type\":\"Organization\",\"@id\":\"https:\/\/bvbdl.de\/#organization\",\"name\":\"Bundesverband der B\u00fcrger- und Dorfl\u00e4den in Deutschland e.V.\",\"url\":\"https:\/\/bvbdl.de\/\",\"logo\":{\"@type\":\"ImageObject\",\"inLanguage\":\"de\",\"@id\":\"https:\/\/bvbdl.de\/#\/schema\/logo\/image\/\",\"url\":\"https:\/\/bvbdl.de\/wp-content\/uploads\/2025\/02\/Logo_Bundesverband_with_border.png\",\"contentUrl\":\"https:\/\/bvbdl.de\/wp-content\/uploads\/2025\/02\/Logo_Bundesverband_with_border.png\",\"width\":302,\"height\":278,\"caption\":\"Bundesverband der B\u00fcrger- und Dorfl\u00e4den in Deutschland e.V.\"},\"image\":{\"@id\":\"https:\/\/bvbdl.de\/#\/schema\/logo\/image\/\"},\"sameAs\":[\"https:\/\/www.facebook.com\/Dorfladen.Familie\",\"https:\/\/www.instagram.com\/dorfladennetzwerk\/\",\"https:\/\/www.youtube.com\/channel\/UCiIcZBpITXauy6ydrZiZIew\"]}]}<\/script>\n<!-- \/ Yoast SEO plugin. -->","yoast_head_json":{"title":"Konzeptplanung - Bundesverband der B\u00fcrger- und Dorfl\u00e4den e.V. - Das Dorfladen Netzwerk","description":"Die Seite f\u00fcr Dorfladen Know How","robots":{"index":"index","follow":"follow","max-snippet":"max-snippet:-1","max-image-preview":"max-image-preview:large","max-video-preview":"max-video-preview:-1"},"canonical":"https:\/\/bvbdl.de\/index.php\/konzeptplanung\/","og_locale":"de_DE","og_type":"article","og_title":"Konzeptplanung - Bundesverband der B\u00fcrger- und Dorfl\u00e4den e.V. - Das Dorfladen Netzwerk","og_description":"Die Seite f\u00fcr Dorfladen Know How","og_url":"https:\/\/bvbdl.de\/index.php\/konzeptplanung\/","og_site_name":"Bundesverband der B\u00fcrger- und Dorfl\u00e4den e.V. - Das Dorfladen Netzwerk","article_publisher":"https:\/\/www.facebook.com\/Dorfladen.Familie","article_modified_time":"2025-05-26T08:07:32+00:00","twitter_card":"summary_large_image","twitter_misc":{"Gesch\u00e4tzte Lesezeit":"1\u00a0Minute"},"schema":{"@context":"https:\/\/schema.org","@graph":[{"@type":"WebPage","@id":"https:\/\/bvbdl.de\/index.php\/konzeptplanung\/","url":"https:\/\/bvbdl.de\/index.php\/konzeptplanung\/","name":"Konzeptplanung - Bundesverband der B\u00fcrger- und Dorfl\u00e4den e.V. - Das Dorfladen Netzwerk","isPartOf":{"@id":"https:\/\/bvbdl.de\/#website"},"datePublished":"2024-04-15T14:43:42+00:00","dateModified":"2025-05-26T08:07:32+00:00","description":"Die Seite f\u00fcr Dorfladen Know How","breadcrumb":{"@id":"https:\/\/bvbdl.de\/index.php\/konzeptplanung\/#breadcrumb"},"inLanguage":"de","potentialAction":[{"@type":"ReadAction","target":["https:\/\/bvbdl.de\/index.php\/konzeptplanung\/"]}]},{"@type":"BreadcrumbList","@id":"https:\/\/bvbdl.de\/index.php\/konzeptplanung\/#breadcrumb","itemListElement":[{"@type":"ListItem","position":1,"name":"Home","item":"https:\/\/bvbdl.de\/"},{"@type":"ListItem","position":2,"name":"Konzeptplanung"}]},{"@type":"WebSite","@id":"https:\/\/bvbdl.de\/#website","url":"https:\/\/bvbdl.de\/","name":"Bundesverband der B\u00fcrger- und Dorfl\u00e4den e.V. - Das Dorfladen Netzwerk","description":"bvbdl.de","publisher":{"@id":"https:\/\/bvbdl.de\/#organization"},"potentialAction":[{"@type":"SearchAction","target":{"@type":"EntryPoint","urlTemplate":"https:\/\/bvbdl.de\/?s={search_term_string}"},"query-input":{"@type":"PropertyValueSpecification","valueRequired":true,"valueName":"search_term_string"}}],"inLanguage":"de"},{"@type":"Organization","@id":"https:\/\/bvbdl.de\/#organization","name":"Bundesverband der B\u00fcrger- und Dorfl\u00e4den in Deutschland e.V.","url":"https:\/\/bvbdl.de\/","logo":{"@type":"ImageObject","inLanguage":"de","@id":"https:\/\/bvbdl.de\/#\/schema\/logo\/image\/","url":"https:\/\/bvbdl.de\/wp-content\/uploads\/2025\/02\/Logo_Bundesverband_with_border.png","contentUrl":"https:\/\/bvbdl.de\/wp-content\/uploads\/2025\/02\/Logo_Bundesverband_with_border.png","width":302,"height":278,"caption":"Bundesverband der B\u00fcrger- und Dorfl\u00e4den in Deutschland e.V."},"image":{"@id":"https:\/\/bvbdl.de\/#\/schema\/logo\/image\/"},"sameAs":["https:\/\/www.facebook.com\/Dorfladen.Familie","https:\/\/www.instagram.com\/dorfladennetzwerk\/","https:\/\/www.youtube.com\/channel\/UCiIcZBpITXauy6ydrZiZIew"]}]}},"_links":{"self":[{"href":"https:\/\/bvbdl.de\/index.php\/wp-json\/wp\/v2\/pages\/6564","targetHints":{"allow":["GET"]}}],"collection":[{"href":"https:\/\/bvbdl.de\/index.php\/wp-json\/wp\/v2\/pages"}],"about":[{"href":"https:\/\/bvbdl.de\/index.php\/wp-json\/wp\/v2\/types\/page"}],"author":[{"embeddable":true,"href":"https:\/\/bvbdl.de\/index.php\/wp-json\/wp\/v2\/users\/6"}],"replies":[{"embeddable":true,"href":"https:\/\/bvbdl.de\/index.php\/wp-json\/wp\/v2\/comments?post=6564"}],"version-history":[{"count":5,"href":"https:\/\/bvbdl.de\/index.php\/wp-json\/wp\/v2\/pages\/6564\/revisions"}],"predecessor-version":[{"id":7284,"href":"https:\/\/bvbdl.de\/index.php\/wp-json\/wp\/v2\/pages\/6564\/revisions\/7284"}],"wp:attachment":[{"href":"https:\/\/bvbdl.de\/index.php\/wp-json\/wp\/v2\/media?parent=6564"}],"curies":[{"name":"wp","href":"https:\/\/api.w.org\/{rel}","templated":true}]}}

<figure class="wp-block-embed is-type-rich is-provider-handler-einbetten wp-block-embed-handler-einbetten"><div class="wp-block-embed__wrapper">
<div style="width: 640px;" class="wp-video"><!--[if lt IE 9]><script>document.createElement('video');</script><![endif]-->
<video class="wp-video-shortcode" id="video-6564-1" width="640" height="360" preload="metadata" controls="controls"><source type="video/mp4" src="https://s3.cloud2.c-dev.io/ideen-dorfladen-video/Digitaldurchgang%20Wildsteig%20280422.mp4?_=1" /><a href="https://s3.cloud2.c-dev.io/ideen-dorfladen-video/Digitaldurchgang%20Wildsteig%20280422.mp4">https://s3.cloud2.c-dev.io/ideen-dorfladen-video/Digitaldurchgang%20Wildsteig%20280422.mp4</a></video></div>
</div></figure>



<p>Planung in 2D und 3D – maßstabsgetreu, flexibel und anschaulich</p>



<p>Mit unserem digitalen Planungsprogramm erstellen wir gemeinsam mit Ihnen eine <strong>maßstabsgetreue Visualisierung Ihres Ladens</strong>. Regale, Theken, Kühltechnik und Servicezonen werden exakt geplant und auf die Gegebenheiten vor Ort abgestimmt. Änderungen oder Varianten können jederzeit berücksichtigt werden – so entsteht Planungssicherheit auf allen Seiten.</p>



<p>Zusätzlich kann die Visualisierung dabei helfen, Bürger, Entscheidungsträger oder Fördermittelgeber zu überzeugen.</p>



<p>Planung:</p>



<figure class="wp-block-embed is-type-video is-provider-youtube wp-block-embed-youtube wp-embed-aspect-16-9 wp-has-aspect-ratio"><div class="wp-block-embed__wrapper">
<iframe loading="lazy" title="Dorfladen-Ladenbau Praxisbeispiel" width="750" height="422" src="https://www.youtube.com/embed/Rg_DoEyS2tA?feature=oembed" frameborder="0" allow="accelerometer; autoplay; clipboard-write; encrypted-media; gyroscope; picture-in-picture; web-share" referrerpolicy="strict-origin-when-cross-origin" allowfullscreen></iframe>
</div></figure>



<p>Umsetzung:</p>



<figure class="wp-block-embed is-type-video is-provider-youtube wp-block-embed-youtube wp-embed-aspect-16-9 wp-has-aspect-ratio"><div class="wp-block-embed__wrapper">
<iframe loading="lazy" title="Umsetzung Ladenbau" width="750" height="422" src="https://www.youtube.com/embed/lDzzFydyt1A?feature=oembed" frameborder="0" allow="accelerometer; autoplay; clipboard-write; encrypted-media; gyroscope; picture-in-picture; web-share" referrerpolicy="strict-origin-when-cross-origin" allowfullscreen></iframe>
</div></figure>

<p>Planung in 2D und 3D – maßstabsgetreu, flexibel und anschaulich Mit unserem digitalen Planungsprogramm erstellen wir gemeinsam mit Ihnen eine maßstabsgetreue Visualisierung Ihres Ladens. Regale, Theken, Kühltechnik und Servicezonen werden exakt geplant und auf die Gegebenheiten vor Ort abgestimmt. Änderungen oder Varianten können jederzeit berücksichtigt werden – so entsteht Planungssicherheit [&hellip;]</p>

<!-- This site is optimized with the Yoast SEO plugin v26.0 - https://yoast.com/wordpress/plugins/seo/ -->
<title>Konzeptplanung - Bundesverband der Bürger- und Dorfläden e.V. - Das Dorfladen Netzwerk</title>
<meta name="description" content="Die Seite für Dorfladen Know How" />
<meta name="robots" content="index, follow, max-snippet:-1, max-image-preview:large, max-video-preview:-1" />
<link rel="canonical" href="https://bvbdl.de/index.php/konzeptplanung/" />
<meta property="og:locale" content="de_DE" />
<meta property="og:type" content="article" />
<meta property="og:title" content="Konzeptplanung - Bundesverband der Bürger- und Dorfläden e.V. - Das Dorfladen Netzwerk" />
<meta property="og:description" content="Die Seite für Dorfladen Know How" />
<meta property="og:url" content="https://bvbdl.de/index.php/konzeptplanung/" />
<meta property="og:site_name" content="Bundesverband der Bürger- und Dorfläden e.V. - Das Dorfladen Netzwerk" />
<meta property="article:publisher" content="https://www.facebook.com/Dorfladen.Familie" />
<meta property="article:modified_time" content="2025-05-26T08:07:32+00:00" />
<meta name="twitter:card" content="summary_large_image" />
<meta name="twitter:label1" content="Geschätzte Lesezeit" />
	<meta name="twitter:data1" content="1 Minute" />
<script type="application/ld+json" class="yoast-schema-graph">{"@context":"https://schema.org","@graph":[{"@type":"WebPage","@id":"https://bvbdl.de/index.php/konzeptplanung/","url":"https://bvbdl.de/index.php/konzeptplanung/","name":"Konzeptplanung - Bundesverband der Bürger- und Dorfläden e.V. - Das Dorfladen Netzwerk","isPartOf":{"@id":"https://bvbdl.de/#website"},"datePublished":"2024-04-15T14:43:42+00:00","dateModified":"2025-05-26T08:07:32+00:00","description":"Die Seite für Dorfladen Know How","breadcrumb":{"@id":"https://bvbdl.de/index.php/konzeptplanung/#breadcrumb"},"inLanguage":"de","potentialAction":[{"@type":"ReadAction","target":["https://bvbdl.de/index.php/konzeptplanung/"]}]},{"@type":"BreadcrumbList","@id":"https://bvbdl.de/index.php/konzeptplanung/#breadcrumb","itemListElement":[{"@type":"ListItem","position":1,"name":"Home","item":"https://bvbdl.de/"},{"@type":"ListItem","position":2,"name":"Konzeptplanung"}]},{"@type":"WebSite","@id":"https://bvbdl.de/#website","url":"https://bvbdl.de/","name":"Bundesverband der Bürger- und Dorfläden e.V. - Das Dorfladen Netzwerk","description":"bvbdl.de","publisher":{"@id":"https://bvbdl.de/#organization"},"potentialAction":[{"@type":"SearchAction","target":{"@type":"EntryPoint","urlTemplate":"https://bvbdl.de/?s={search_term_string}"},"query-input":{"@type":"PropertyValueSpecification","valueRequired":true,"valueName":"search_term_string"}}],"inLanguage":"de"},{"@type":"Organization","@id":"https://bvbdl.de/#organization","name":"Bundesverband der Bürger- und Dorfläden in Deutschland e.V.","url":"https://bvbdl.de/","logo":{"@type":"ImageObject","inLanguage":"de","@id":"https://bvbdl.de/#/schema/logo/image/","url":"https://bvbdl.de/wp-content/uploads/2025/02/Logo_Bundesverband_with_border.png","contentUrl":"https://bvbdl.de/wp-content/uploads/2025/02/Logo_Bundesverband_with_border.png","width":302,"height":278,"caption":"Bundesverband der Bürger- und Dorfläden in Deutschland e.V."},"image":{"@id":"https://bvbdl.de/#/schema/logo/image/"},"sameAs":["https://www.facebook.com/Dorfladen.Familie","https://www.instagram.com/dorfladennetzwerk/","https://www.youtube.com/channel/UCiIcZBpITXauy6ydrZiZIew"]}]}</script>
<!-- / Yoast SEO plugin. -->

Konzeptplanung - Bundesverband der Bürger- und Dorfläden e.V. - Das Dorfladen Netzwerk

Die Seite für Dorfladen Know How

Bundesverband der Bürger- und Dorfläden e.V. - Das Dorfladen Netzwerk

Bundesverband der Bürger- und Dorfläden in Deutschland e.V.
