{"id":5439,"date":"2021-12-07T09:05:02","date_gmt":"2021-12-07T09:05:02","guid":{"rendered":"https:\/\/dorfladen-netzwerk.com\/?page_id=5439"},"modified":"2021-12-07T09:09:30","modified_gmt":"2021-12-07T09:09:30","slug":"dorflaeden-und-buergerlaeden-in-deutschland","status":"publish","type":"page","link":"https:\/\/bvbdl.de\/index.php\/dorflaeden-und-buergerlaeden-in-deutschland\/","title":{"rendered":"Dorfl\u00e4den und B\u00fcrgerl\u00e4den in Deutschland"},"content":{"rendered":"\n<p>Diese \u00dcbersicht von Dorfl\u00e4den bzw. B\u00fcrgerl\u00e4den in Deutschland ist unabh\u00e4ngig von einer Mitgliedschaft in unserem Verband. Diese \u00dcbersicht hat keinen Anspruch auf Vollst\u00e4ndigkeit und stellt weder eine Rangordnung noch einen Nachteil f\u00fcr andere Unternehmen oder Einrichtungen dar. Sollte Ihrer Meinung nach ein Dorfladen oder B\u00fcrgerladen fehlen, freuen wir uns \u00fcber eine <a href=\"https:\/\/bvbdl.de\/index.php\/kontakt-zu-hr-feldbauer\/\">Kontaktaufnahme.<\/a><\/p>\n\n\n\n<figure class=\"wp-block-image size-large\"><img loading=\"lazy\" decoding=\"async\" width=\"739\" height=\"1024\" src=\"https:\/\/bvbdl.de\/wp-content\/uploads\/2021\/12\/Dorflaeden-und-Buergerlaeden-in-Deutschland-739x1024.jpg\" alt=\"\" class=\"wp-image-5600\" srcset=\"https:\/\/bvbdl.de\/wp-content\/uploads\/2021\/12\/Dorflaeden-und-Buergerlaeden-in-Deutschland-739x1024.jpg 739w, https:\/\/bvbdl.de\/wp-content\/uploads\/2021\/12\/Dorflaeden-und-Buergerlaeden-in-Deutschland-217x300.jpg 217w, https:\/\/bvbdl.de\/wp-content\/uploads\/2021\/12\/Dorflaeden-und-Buergerlaeden-in-Deutschland-768x1064.jpg 768w, https:\/\/bvbdl.de\/wp-content\/uploads\/2021\/12\/Dorflaeden-und-Buergerlaeden-in-Deutschland-1109x1536.jpg 1109w, https:\/\/bvbdl.de\/wp-content\/uploads\/2021\/12\/Dorflaeden-und-Buergerlaeden-in-Deutschland.jpg 1309w\" sizes=\"auto, (max-width: 739px) 100vw, 739px\" \/><\/figure>\n\n\n\n<p>Eine Liste der Dorfl\u00e4den finden Sie <a href=\"https:\/\/bvbdl.de\/index.php\/dorflaeden-und-buergerlaeden-in-deutschland-liste\/\">hier<\/a>.<\/p>\n","protected":false},"excerpt":{"rendered":"<p>Diese \u00dcbersicht von Dorfl\u00e4den bzw. B\u00fcrgerl\u00e4den in Deutschland ist unabh\u00e4ngig von einer Mitgliedschaft in unserem Verband. Diese \u00dcbersicht hat keinen Anspruch auf Vollst\u00e4ndigkeit und stellt weder eine Rangordnung noch einen Nachteil f\u00fcr andere Unternehmen oder Einrichtungen dar. Sollte Ihrer Meinung nach ein Dorfladen oder B\u00fcrgerladen fehlen, freuen wir uns \u00fcber [&hellip;]<\/p>\n","protected":false},"author":6,"featured_media":0,"parent":0,"menu_order":0,"comment_status":"closed","ping_status":"closed","template":"","meta":{"_eb_attr":"","_themeisle_gutenberg_block_has_review":false,"footnotes":""},"class_list":["post-5439","page","type-page","status-publish","hentry"],"yoast_head":"<!-- This site is optimized with the Yoast SEO plugin v26.0 - https:\/\/yoast.com\/wordpress\/plugins\/seo\/ -->\n<title>Dorfl\u00e4den und B\u00fcrgerl\u00e4den in Deutschland - Bundesverband der B\u00fcrger- und Dorfl\u00e4den e.V. - Das Dorfladen Netzwerk<\/title>\n<meta name=\"description\" content=\"Die Seite f\u00fcr Dorfladen Know How\" \/>\n<meta name=\"robots\" content=\"index, follow, max-snippet:-1, max-image-preview:large, max-video-preview:-1\" \/>\n<link rel=\"canonical\" href=\"https:\/\/bvbdl.de\/index.php\/dorflaeden-und-buergerlaeden-in-deutschland\/\" \/>\n<meta property=\"og:locale\" content=\"de_DE\" \/>\n<meta property=\"og:type\" content=\"article\" \/>\n<meta property=\"og:title\" content=\"Dorfl\u00e4den und B\u00fcrgerl\u00e4den in Deutschland - Bundesverband der B\u00fcrger- und Dorfl\u00e4den e.V. - Das Dorfladen Netzwerk\" \/>\n<meta property=\"og:description\" content=\"Die Seite f\u00fcr Dorfladen Know How\" \/>\n<meta property=\"og:url\" content=\"https:\/\/bvbdl.de\/index.php\/dorflaeden-und-buergerlaeden-in-deutschland\/\" \/>\n<meta property=\"og:site_name\" content=\"Bundesverband der B\u00fcrger- und Dorfl\u00e4den e.V. - Das Dorfladen Netzwerk\" \/>\n<meta property=\"article:publisher\" content=\"https:\/\/www.facebook.com\/Dorfladen.Familie\" \/>\n<meta property=\"article:modified_time\" content=\"2021-12-07T09:09:30+00:00\" \/>\n<meta property=\"og:image\" content=\"https:\/\/bvbdl.de\/wp-content\/uploads\/2021\/12\/Dorflaeden-und-Buergerlaeden-in-Deutschland-739x1024.jpg\" \/>\n<meta name=\"twitter:card\" content=\"summary_large_image\" \/>\n<meta name=\"twitter:label1\" content=\"Gesch\u00e4tzte Lesezeit\" \/>\n\t<meta name=\"twitter:data1\" content=\"1\u00a0Minute\" \/>\n<script type=\"application\/ld+json\" class=\"yoast-schema-graph\">{\"@context\":\"https:\/\/schema.org\",\"@graph\":[{\"@type\":\"WebPage\",\"@id\":\"https:\/\/bvbdl.de\/index.php\/dorflaeden-und-buergerlaeden-in-deutschland\/\",\"url\":\"https:\/\/bvbdl.de\/index.php\/dorflaeden-und-buergerlaeden-in-deutschland\/\",\"name\":\"Dorfl\u00e4den und B\u00fcrgerl\u00e4den in Deutschland - Bundesverband der B\u00fcrger- und Dorfl\u00e4den e.V. - Das Dorfladen Netzwerk\",\"isPartOf\":{\"@id\":\"https:\/\/bvbdl.de\/#website\"},\"primaryImageOfPage\":{\"@id\":\"https:\/\/bvbdl.de\/index.php\/dorflaeden-und-buergerlaeden-in-deutschland\/#primaryimage\"},\"image\":{\"@id\":\"https:\/\/bvbdl.de\/index.php\/dorflaeden-und-buergerlaeden-in-deutschland\/#primaryimage\"},\"thumbnailUrl\":\"https:\/\/bvbdl.de\/wp-content\/uploads\/2021\/12\/Dorflaeden-und-Buergerlaeden-in-Deutschland-739x1024.jpg\",\"datePublished\":\"2021-12-07T09:05:02+00:00\",\"dateModified\":\"2021-12-07T09:09:30+00:00\",\"description\":\"Die Seite f\u00fcr Dorfladen Know How\",\"breadcrumb\":{\"@id\":\"https:\/\/bvbdl.de\/index.php\/dorflaeden-und-buergerlaeden-in-deutschland\/#breadcrumb\"},\"inLanguage\":\"de\",\"potentialAction\":[{\"@type\":\"ReadAction\",\"target\":[\"https:\/\/bvbdl.de\/index.php\/dorflaeden-und-buergerlaeden-in-deutschland\/\"]}]},{\"@type\":\"ImageObject\",\"inLanguage\":\"de\",\"@id\":\"https:\/\/bvbdl.de\/index.php\/dorflaeden-und-buergerlaeden-in-deutschland\/#primaryimage\",\"url\":\"https:\/\/bvbdl.de\/wp-content\/uploads\/2021\/12\/Dorflaeden-und-Buergerlaeden-in-Deutschland.jpg\",\"contentUrl\":\"https:\/\/bvbdl.de\/wp-content\/uploads\/2021\/12\/Dorflaeden-und-Buergerlaeden-in-Deutschland.jpg\",\"width\":1309,\"height\":1813,\"caption\":\"Dorl\u00e4den und B\u00fcrgerl\u00e4den in Deutschland\"},{\"@type\":\"BreadcrumbList\",\"@id\":\"https:\/\/bvbdl.de\/index.php\/dorflaeden-und-buergerlaeden-in-deutschland\/#breadcrumb\",\"itemListElement\":[{\"@type\":\"ListItem\",\"position\":1,\"name\":\"Home\",\"item\":\"https:\/\/bvbdl.de\/\"},{\"@type\":\"ListItem\",\"position\":2,\"name\":\"Dorfl\u00e4den und B\u00fcrgerl\u00e4den in Deutschland\"}]},{\"@type\":\"WebSite\",\"@id\":\"https:\/\/bvbdl.de\/#website\",\"url\":\"https:\/\/bvbdl.de\/\",\"name\":\"Bundesverband der B\u00fcrger- und Dorfl\u00e4den e.V. - Das Dorfladen Netzwerk\",\"description\":\"bvbdl.de\",\"publisher\":{\"@id\":\"https:\/\/bvbdl.de\/#organization\"},\"potentialAction\":[{\"@type\":\"SearchAction\",\"target\":{\"@type\":\"EntryPoint\",\"urlTemplate\":\"https:\/\/bvbdl.de\/?s={search_term_string}\"},\"query-input\":{\"@type\":\"PropertyValueSpecification\",\"valueRequired\":true,\"valueName\":\"search_term_string\"}}],\"inLanguage\":\"de\"},{\"@type\":\"Organization\",\"@id\":\"https:\/\/bvbdl.de\/#organization\",\"name\":\"Bundesverband der B\u00fcrger- und Dorfl\u00e4den in Deutschland e.V.\",\"url\":\"https:\/\/bvbdl.de\/\",\"logo\":{\"@type\":\"ImageObject\",\"inLanguage\":\"de\",\"@id\":\"https:\/\/bvbdl.de\/#\/schema\/logo\/image\/\",\"url\":\"https:\/\/bvbdl.de\/wp-content\/uploads\/2025\/02\/Logo_Bundesverband_with_border.png\",\"contentUrl\":\"https:\/\/bvbdl.de\/wp-content\/uploads\/2025\/02\/Logo_Bundesverband_with_border.png\",\"width\":302,\"height\":278,\"caption\":\"Bundesverband der B\u00fcrger- und Dorfl\u00e4den in Deutschland e.V.\"},\"image\":{\"@id\":\"https:\/\/bvbdl.de\/#\/schema\/logo\/image\/\"},\"sameAs\":[\"https:\/\/www.facebook.com\/Dorfladen.Familie\",\"https:\/\/www.instagram.com\/dorfladennetzwerk\/\",\"https:\/\/www.youtube.com\/channel\/UCiIcZBpITXauy6ydrZiZIew\"]}]}<\/script>\n<!-- \/ Yoast SEO plugin. -->","yoast_head_json":{"title":"Dorfl\u00e4den und B\u00fcrgerl\u00e4den in Deutschland - Bundesverband der B\u00fcrger- und Dorfl\u00e4den e.V. - Das Dorfladen Netzwerk","description":"Die Seite f\u00fcr Dorfladen Know How","robots":{"index":"index","follow":"follow","max-snippet":"max-snippet:-1","max-image-preview":"max-image-preview:large","max-video-preview":"max-video-preview:-1"},"canonical":"https:\/\/bvbdl.de\/index.php\/dorflaeden-und-buergerlaeden-in-deutschland\/","og_locale":"de_DE","og_type":"article","og_title":"Dorfl\u00e4den und B\u00fcrgerl\u00e4den in Deutschland - Bundesverband der B\u00fcrger- und Dorfl\u00e4den e.V. - Das Dorfladen Netzwerk","og_description":"Die Seite f\u00fcr Dorfladen Know How","og_url":"https:\/\/bvbdl.de\/index.php\/dorflaeden-und-buergerlaeden-in-deutschland\/","og_site_name":"Bundesverband der B\u00fcrger- und Dorfl\u00e4den e.V. - Das Dorfladen Netzwerk","article_publisher":"https:\/\/www.facebook.com\/Dorfladen.Familie","article_modified_time":"2021-12-07T09:09:30+00:00","og_image":[{"url":"https:\/\/bvbdl.de\/wp-content\/uploads\/2021\/12\/Dorflaeden-und-Buergerlaeden-in-Deutschland-739x1024.jpg","type":"","width":"","height":""}],"twitter_card":"summary_large_image","twitter_misc":{"Gesch\u00e4tzte Lesezeit":"1\u00a0Minute"},"schema":{"@context":"https:\/\/schema.org","@graph":[{"@type":"WebPage","@id":"https:\/\/bvbdl.de\/index.php\/dorflaeden-und-buergerlaeden-in-deutschland\/","url":"https:\/\/bvbdl.de\/index.php\/dorflaeden-und-buergerlaeden-in-deutschland\/","name":"Dorfl\u00e4den und B\u00fcrgerl\u00e4den in Deutschland - Bundesverband der B\u00fcrger- und Dorfl\u00e4den e.V. - Das Dorfladen Netzwerk","isPartOf":{"@id":"https:\/\/bvbdl.de\/#website"},"primaryImageOfPage":{"@id":"https:\/\/bvbdl.de\/index.php\/dorflaeden-und-buergerlaeden-in-deutschland\/#primaryimage"},"image":{"@id":"https:\/\/bvbdl.de\/index.php\/dorflaeden-und-buergerlaeden-in-deutschland\/#primaryimage"},"thumbnailUrl":"https:\/\/bvbdl.de\/wp-content\/uploads\/2021\/12\/Dorflaeden-und-Buergerlaeden-in-Deutschland-739x1024.jpg","datePublished":"2021-12-07T09:05:02+00:00","dateModified":"2021-12-07T09:09:30+00:00","description":"Die Seite f\u00fcr Dorfladen Know How","breadcrumb":{"@id":"https:\/\/bvbdl.de\/index.php\/dorflaeden-und-buergerlaeden-in-deutschland\/#breadcrumb"},"inLanguage":"de","potentialAction":[{"@type":"ReadAction","target":["https:\/\/bvbdl.de\/index.php\/dorflaeden-und-buergerlaeden-in-deutschland\/"]}]},{"@type":"ImageObject","inLanguage":"de","@id":"https:\/\/bvbdl.de\/index.php\/dorflaeden-und-buergerlaeden-in-deutschland\/#primaryimage","url":"https:\/\/bvbdl.de\/wp-content\/uploads\/2021\/12\/Dorflaeden-und-Buergerlaeden-in-Deutschland.jpg","contentUrl":"https:\/\/bvbdl.de\/wp-content\/uploads\/2021\/12\/Dorflaeden-und-Buergerlaeden-in-Deutschland.jpg","width":1309,"height":1813,"caption":"Dorl\u00e4den und B\u00fcrgerl\u00e4den in Deutschland"},{"@type":"BreadcrumbList","@id":"https:\/\/bvbdl.de\/index.php\/dorflaeden-und-buergerlaeden-in-deutschland\/#breadcrumb","itemListElement":[{"@type":"ListItem","position":1,"name":"Home","item":"https:\/\/bvbdl.de\/"},{"@type":"ListItem","position":2,"name":"Dorfl\u00e4den und B\u00fcrgerl\u00e4den in Deutschland"}]},{"@type":"WebSite","@id":"https:\/\/bvbdl.de\/#website","url":"https:\/\/bvbdl.de\/","name":"Bundesverband der B\u00fcrger- und Dorfl\u00e4den e.V. - Das Dorfladen Netzwerk","description":"bvbdl.de","publisher":{"@id":"https:\/\/bvbdl.de\/#organization"},"potentialAction":[{"@type":"SearchAction","target":{"@type":"EntryPoint","urlTemplate":"https:\/\/bvbdl.de\/?s={search_term_string}"},"query-input":{"@type":"PropertyValueSpecification","valueRequired":true,"valueName":"search_term_string"}}],"inLanguage":"de"},{"@type":"Organization","@id":"https:\/\/bvbdl.de\/#organization","name":"Bundesverband der B\u00fcrger- und Dorfl\u00e4den in Deutschland e.V.","url":"https:\/\/bvbdl.de\/","logo":{"@type":"ImageObject","inLanguage":"de","@id":"https:\/\/bvbdl.de\/#\/schema\/logo\/image\/","url":"https:\/\/bvbdl.de\/wp-content\/uploads\/2025\/02\/Logo_Bundesverband_with_border.png","contentUrl":"https:\/\/bvbdl.de\/wp-content\/uploads\/2025\/02\/Logo_Bundesverband_with_border.png","width":302,"height":278,"caption":"Bundesverband der B\u00fcrger- und Dorfl\u00e4den in Deutschland e.V."},"image":{"@id":"https:\/\/bvbdl.de\/#\/schema\/logo\/image\/"},"sameAs":["https:\/\/www.facebook.com\/Dorfladen.Familie","https:\/\/www.instagram.com\/dorfladennetzwerk\/","https:\/\/www.youtube.com\/channel\/UCiIcZBpITXauy6ydrZiZIew"]}]}},"_links":{"self":[{"href":"https:\/\/bvbdl.de\/index.php\/wp-json\/wp\/v2\/pages\/5439","targetHints":{"allow":["GET"]}}],"collection":[{"href":"https:\/\/bvbdl.de\/index.php\/wp-json\/wp\/v2\/pages"}],"about":[{"href":"https:\/\/bvbdl.de\/index.php\/wp-json\/wp\/v2\/types\/page"}],"author":[{"embeddable":true,"href":"https:\/\/bvbdl.de\/index.php\/wp-json\/wp\/v2\/users\/6"}],"replies":[{"embeddable":true,"href":"https:\/\/bvbdl.de\/index.php\/wp-json\/wp\/v2\/comments?post=5439"}],"version-history":[{"count":3,"href":"https:\/\/bvbdl.de\/index.php\/wp-json\/wp\/v2\/pages\/5439\/revisions"}],"predecessor-version":[{"id":5605,"href":"https:\/\/bvbdl.de\/index.php\/wp-json\/wp\/v2\/pages\/5439\/revisions\/5605"}],"wp:attachment":[{"href":"https:\/\/bvbdl.de\/index.php\/wp-json\/wp\/v2\/media?parent=5439"}],"curies":[{"name":"wp","href":"https:\/\/api.w.org\/{rel}","templated":true}]}}