{"id":5105,"date":"2021-10-04T12:32:06","date_gmt":"2021-10-04T12:32:06","guid":{"rendered":"https:\/\/dorfladen-netzwerk.com\/?page_id=5105"},"modified":"2026-01-19T15:08:21","modified_gmt":"2026-01-19T14:08:21","slug":"unsere-sterne-dorflaeden","status":"publish","type":"page","link":"https:\/\/bvbdl.de\/index.php\/unsere-sterne-dorflaeden\/","title":{"rendered":"Die ausgezeichneten Dorfl\u00e4den"},"content":{"rendered":"\n<p class=\"has-large-font-size\">5 Sterne tragen aktuell folgende Dorfl\u00e4den:<\/p>\n\n\n\n<div class=\"wp-block-columns is-layout-flex wp-container-core-columns-is-layout-28f84493 wp-block-columns-is-layout-flex\">\n<div class=\"wp-block-column is-layout-flow wp-block-column-is-layout-flow\">\n<figure class=\"wp-block-image size-full\"><img loading=\"lazy\" decoding=\"async\" width=\"850\" height=\"567\" src=\"https:\/\/bvbdl.de\/wp-content\/uploads\/2026\/01\/Acrylschild_Dorfladen-Simonshofen_2025.jpg\" alt=\"\" class=\"wp-image-7574\" srcset=\"https:\/\/bvbdl.de\/wp-content\/uploads\/2026\/01\/Acrylschild_Dorfladen-Simonshofen_2025.jpg 850w, https:\/\/bvbdl.de\/wp-content\/uploads\/2026\/01\/Acrylschild_Dorfladen-Simonshofen_2025-300x200.jpg 300w, https:\/\/bvbdl.de\/wp-content\/uploads\/2026\/01\/Acrylschild_Dorfladen-Simonshofen_2025-768x512.jpg 768w, https:\/\/bvbdl.de\/wp-content\/uploads\/2026\/01\/Acrylschild_Dorfladen-Simonshofen_2025-360x240.jpg 360w\" sizes=\"auto, (max-width: 850px) 100vw, 850px\" \/><\/figure>\n<\/div>\n\n\n\n<div class=\"wp-block-column is-layout-flow wp-block-column-is-layout-flow\">\n<p>Dorflmarkt Simonshofen<\/p>\n\n\n\n<p><a href=\"https:\/\/www.dorfmarkt-simonshofen.de\" target=\"_blank\" rel=\"noreferrer noopener\">https:\/\/www.dorfmarkt-simonshofen.de<\/a><\/p>\n<\/div>\n<\/div>\n\n\n\n<hr style=\"border-top: 5px solid #76B51E;\">\n\n\n\n<div class=\"wp-block-columns is-layout-flex wp-container-core-columns-is-layout-28f84493 wp-block-columns-is-layout-flex\">\n<div class=\"wp-block-column is-layout-flow wp-block-column-is-layout-flow\">\n<p>DORV Eisenthal<\/p>\n\n\n\n<p><a href=\"https:\/\/www.dorv-eisental.de\" target=\"_blank\" rel=\"noreferrer noopener\">https:\/\/www.dorv-eisental.de<\/a><\/p>\n<\/div>\n\n\n\n<div class=\"wp-block-column is-layout-flow wp-block-column-is-layout-flow\">\n<figure class=\"wp-block-image size-full\"><img loading=\"lazy\" decoding=\"async\" width=\"850\" height=\"567\" src=\"https:\/\/bvbdl.de\/wp-content\/uploads\/2026\/01\/Acrylschild_Dorv-2025_2026.jpg\" alt=\"\" class=\"wp-image-7575\" srcset=\"https:\/\/bvbdl.de\/wp-content\/uploads\/2026\/01\/Acrylschild_Dorv-2025_2026.jpg 850w, https:\/\/bvbdl.de\/wp-content\/uploads\/2026\/01\/Acrylschild_Dorv-2025_2026-300x200.jpg 300w, https:\/\/bvbdl.de\/wp-content\/uploads\/2026\/01\/Acrylschild_Dorv-2025_2026-768x512.jpg 768w, https:\/\/bvbdl.de\/wp-content\/uploads\/2026\/01\/Acrylschild_Dorv-2025_2026-360x240.jpg 360w\" sizes=\"auto, (max-width: 850px) 100vw, 850px\" \/><\/figure>\n<\/div>\n<\/div>\n\n\n\n<hr style=\"border-top: 5px solid #76B51E;\">\n\n\n\n<div class=\"wp-block-columns is-layout-flex wp-container-core-columns-is-layout-28f84493 wp-block-columns-is-layout-flex\">\n<div class=\"wp-block-column is-layout-flow wp-block-column-is-layout-flow\">\n<figure class=\"wp-block-image size-full\"><img loading=\"lazy\" decoding=\"async\" width=\"850\" height=\"567\" src=\"https:\/\/bvbdl.de\/wp-content\/uploads\/2026\/01\/Acrylschild_Retschter-Laedchen-2025_2026.jpg\" alt=\"\" class=\"wp-image-7576\" srcset=\"https:\/\/bvbdl.de\/wp-content\/uploads\/2026\/01\/Acrylschild_Retschter-Laedchen-2025_2026.jpg 850w, https:\/\/bvbdl.de\/wp-content\/uploads\/2026\/01\/Acrylschild_Retschter-Laedchen-2025_2026-300x200.jpg 300w, https:\/\/bvbdl.de\/wp-content\/uploads\/2026\/01\/Acrylschild_Retschter-Laedchen-2025_2026-768x512.jpg 768w, https:\/\/bvbdl.de\/wp-content\/uploads\/2026\/01\/Acrylschild_Retschter-Laedchen-2025_2026-360x240.jpg 360w\" sizes=\"auto, (max-width: 850px) 100vw, 850px\" \/><\/figure>\n<\/div>\n\n\n\n<div class=\"wp-block-column is-layout-flow wp-block-column-is-layout-flow\">\n<p>Retschter L\u00e4dchen<\/p>\n\n\n\n<p><a href=\"https:\/\/www.retschter-laedchen.de\/\" target=\"_blank\" rel=\"noreferrer noopener\">https:\/\/www.retschter-laedchen.de\/<\/a><\/p>\n<\/div>\n<\/div>\n\n\n\n<hr style=\"border-top: 5px solid #76B51E;\">\n\n\n\n<div class=\"wp-block-columns is-layout-flex wp-container-core-columns-is-layout-28f84493 wp-block-columns-is-layout-flex\">\n<div class=\"wp-block-column is-layout-flow wp-block-column-is-layout-flow\">\n<p>Sesam Naturkost<\/p>\n\n\n\n<p><a href=\"https:\/\/sesam.bio\/\" target=\"_blank\" rel=\"noreferrer noopener\">https:\/\/sesam.bio\/<\/a><\/p>\n<\/div>\n\n\n\n<div class=\"wp-block-column is-layout-flow wp-block-column-is-layout-flow\">\n<figure class=\"wp-block-image size-full\"><img loading=\"lazy\" decoding=\"async\" width=\"850\" height=\"567\" src=\"https:\/\/bvbdl.de\/wp-content\/uploads\/2026\/01\/Acrylschild_Titisee-Neustadt-2025_2026.jpg\" alt=\"\" class=\"wp-image-7577\" srcset=\"https:\/\/bvbdl.de\/wp-content\/uploads\/2026\/01\/Acrylschild_Titisee-Neustadt-2025_2026.jpg 850w, https:\/\/bvbdl.de\/wp-content\/uploads\/2026\/01\/Acrylschild_Titisee-Neustadt-2025_2026-300x200.jpg 300w, https:\/\/bvbdl.de\/wp-content\/uploads\/2026\/01\/Acrylschild_Titisee-Neustadt-2025_2026-768x512.jpg 768w, https:\/\/bvbdl.de\/wp-content\/uploads\/2026\/01\/Acrylschild_Titisee-Neustadt-2025_2026-360x240.jpg 360w\" sizes=\"auto, (max-width: 850px) 100vw, 850px\" \/><\/figure>\n<\/div>\n<\/div>\n\n\n\n<hr style=\"border-top: 5px solid #76B51E;\">\n\n\n\n<div class=\"wp-block-columns is-layout-flex wp-container-core-columns-is-layout-28f84493 wp-block-columns-is-layout-flex\">\n<div class=\"wp-block-column is-layout-flow wp-block-column-is-layout-flow\">\n<figure class=\"wp-block-image size-full\"><img loading=\"lazy\" decoding=\"async\" width=\"850\" height=\"567\" src=\"https:\/\/bvbdl.de\/wp-content\/uploads\/2026\/01\/Acrylschild_Wiesenfeld-2025_2026.jpg\" alt=\"\" class=\"wp-image-7578\" srcset=\"https:\/\/bvbdl.de\/wp-content\/uploads\/2026\/01\/Acrylschild_Wiesenfeld-2025_2026.jpg 850w, https:\/\/bvbdl.de\/wp-content\/uploads\/2026\/01\/Acrylschild_Wiesenfeld-2025_2026-300x200.jpg 300w, https:\/\/bvbdl.de\/wp-content\/uploads\/2026\/01\/Acrylschild_Wiesenfeld-2025_2026-768x512.jpg 768w, https:\/\/bvbdl.de\/wp-content\/uploads\/2026\/01\/Acrylschild_Wiesenfeld-2025_2026-360x240.jpg 360w\" sizes=\"auto, (max-width: 850px) 100vw, 850px\" \/><\/figure>\n<\/div>\n\n\n\n<div class=\"wp-block-column is-layout-flow wp-block-column-is-layout-flow\">\n<p>Wiesenfelder Dorfladen<\/p>\n\n\n\n<p><a href=\"https:\/\/www.wiesenfelder-dorfladen.de\">https:\/\/www.wiesenfelder-dorfladen.de<\/a><\/p>\n<\/div>\n<\/div>\n\n\n\n<hr style=\"border-top: 5px solid #76B51E;\">\n\n\n\n<p><\/p>\n\n\n\n<p class=\"has-large-font-size\">4 Sterne tragen aktuell folgende Dorfl\u00e4den:<\/p>\n\n\n\n<div class=\"wp-block-columns is-layout-flex wp-container-core-columns-is-layout-28f84493 wp-block-columns-is-layout-flex\">\n<div class=\"wp-block-column is-layout-flow wp-block-column-is-layout-flow\">\n<figure class=\"wp-block-image size-full\"><img loading=\"lazy\" decoding=\"async\" width=\"850\" height=\"567\" src=\"https:\/\/bvbdl.de\/wp-content\/uploads\/2026\/01\/Acrylschild_Eggenthal-2025_2026.jpg\" alt=\"\" class=\"wp-image-7567\" srcset=\"https:\/\/bvbdl.de\/wp-content\/uploads\/2026\/01\/Acrylschild_Eggenthal-2025_2026.jpg 850w, https:\/\/bvbdl.de\/wp-content\/uploads\/2026\/01\/Acrylschild_Eggenthal-2025_2026-300x200.jpg 300w, https:\/\/bvbdl.de\/wp-content\/uploads\/2026\/01\/Acrylschild_Eggenthal-2025_2026-768x512.jpg 768w, https:\/\/bvbdl.de\/wp-content\/uploads\/2026\/01\/Acrylschild_Eggenthal-2025_2026-360x240.jpg 360w\" sizes=\"auto, (max-width: 850px) 100vw, 850px\" \/><\/figure>\n<\/div>\n\n\n\n<div class=\"wp-block-column is-layout-flow wp-block-column-is-layout-flow\">\n<p>Dorfladen Eggenthal<\/p>\n\n\n\n<p><a href=\"https:\/\/dorfladen.eggenthal.de\" target=\"_blank\" rel=\"noreferrer noopener\">https:\/\/dorfladen.eggenthal.de<\/a><\/p>\n<\/div>\n<\/div>\n\n\n\n<hr style=\"border-top: 5px solid #76B51E;\">\n\n\n\n<div class=\"wp-block-columns is-layout-flex wp-container-core-columns-is-layout-28f84493 wp-block-columns-is-layout-flex\">\n<div class=\"wp-block-column is-layout-flow wp-block-column-is-layout-flow\">\n<p>Dorfladen Unterleinleiter<\/p>\n\n\n\n<p><a href=\"https:\/\/www.ladarer-dorfladen.de\" target=\"_blank\" rel=\"noreferrer noopener\">https:\/\/www.ladarer-dorfladen.de<\/a><\/p>\n\n\n\n<p><\/p>\n<\/div>\n\n\n\n<div class=\"wp-block-column is-layout-flow wp-block-column-is-layout-flow\">\n<figure class=\"wp-block-image size-large\"><img loading=\"lazy\" decoding=\"async\" width=\"1024\" height=\"683\" src=\"https:\/\/bvbdl.de\/wp-content\/uploads\/2026\/01\/Acrylschild_Ladarer-Dorfladen-2025_2026-1024x683.jpg\" alt=\"\" class=\"wp-image-7568\" srcset=\"https:\/\/bvbdl.de\/wp-content\/uploads\/2026\/01\/Acrylschild_Ladarer-Dorfladen-2025_2026-1024x683.jpg 1024w, https:\/\/bvbdl.de\/wp-content\/uploads\/2026\/01\/Acrylschild_Ladarer-Dorfladen-2025_2026-300x200.jpg 300w, https:\/\/bvbdl.de\/wp-content\/uploads\/2026\/01\/Acrylschild_Ladarer-Dorfladen-2025_2026-768x512.jpg 768w, https:\/\/bvbdl.de\/wp-content\/uploads\/2026\/01\/Acrylschild_Ladarer-Dorfladen-2025_2026-360x240.jpg 360w, https:\/\/bvbdl.de\/wp-content\/uploads\/2026\/01\/Acrylschild_Ladarer-Dorfladen-2025_2026.jpg 1200w\" sizes=\"auto, (max-width: 1024px) 100vw, 1024px\" \/><\/figure>\n\n\n\n<p><\/p>\n<\/div>\n<\/div>\n\n\n\n<hr style=\"border-top: 5px solid #76B51E;\">\n\n\n\n<div class=\"wp-block-columns is-layout-flex wp-container-core-columns-is-layout-28f84493 wp-block-columns-is-layout-flex\">\n<div class=\"wp-block-column is-layout-flow wp-block-column-is-layout-flow\">\n<figure class=\"wp-block-image size-full\"><img loading=\"lazy\" decoding=\"async\" width=\"850\" height=\"567\" src=\"https:\/\/bvbdl.de\/wp-content\/uploads\/2026\/01\/Acrylschild_Mindelzell-2025_2026.jpg\" alt=\"\" class=\"wp-image-7569\" srcset=\"https:\/\/bvbdl.de\/wp-content\/uploads\/2026\/01\/Acrylschild_Mindelzell-2025_2026.jpg 850w, https:\/\/bvbdl.de\/wp-content\/uploads\/2026\/01\/Acrylschild_Mindelzell-2025_2026-300x200.jpg 300w, https:\/\/bvbdl.de\/wp-content\/uploads\/2026\/01\/Acrylschild_Mindelzell-2025_2026-768x512.jpg 768w, https:\/\/bvbdl.de\/wp-content\/uploads\/2026\/01\/Acrylschild_Mindelzell-2025_2026-360x240.jpg 360w\" sizes=\"auto, (max-width: 850px) 100vw, 850px\" \/><\/figure>\n<\/div>\n\n\n\n<div class=\"wp-block-column is-layout-flow wp-block-column-is-layout-flow\">\n<p>Dorfladen Mindelzell<\/p>\n\n\n\n<p><a href=\"https:\/\/gemeinde-ursberg.de\/freizeit-wirtschaft\/dorfladen-mindenzell\/\" target=\"_blank\" rel=\"noreferrer noopener\">https:\/\/gemeinde-ursberg.de\/freizeit-wirtschaft\/dorfladen-mindenzell\/<\/a><\/p>\n<\/div>\n<\/div>\n\n\n\n<hr style=\"border-top: 5px solid #76B51E;\">\n\n\n\n<p class=\"has-large-font-size\">3 Sterne tragen aktuell folgende Dorfl\u00e4den:<\/p>\n\n\n\n<p>keiner<\/p>\n\n\n\n<hr style=\"border-top: 5px solid #76B51E;\">\n\n\n\n<p><\/p>\n\n\n\n<p><\/p>\n\n\n\n<p><\/p>\n\n\n\n<p><strong>Die Auszeichnung ist jeweils f\u00fcr 2 Jahre g\u00fcltig und der Dorfladen kann sich dann erneut in den 5 Kategorien beweisen. Jeder Dorfladen, der mit f\u00fcnf Sternen ausgezeichnet wurde, ist automatisch f\u00fcr den &#8220;Gold Dorfladen des Jahres&#8221; nominiert.<\/strong><\/p>\n\n\n\n<p><a href=\"https:\/\/bvbdl.de\/index.php\/5-sterne-projekt\/\">Weitere informationen zum 5 Sterne Projekt finden Sie hier.<\/a><\/p>\n","protected":false},"excerpt":{"rendered":"<p>5 Sterne tragen aktuell folgende Dorfl\u00e4den: Dorflmarkt Simonshofen https:\/\/www.dorfmarkt-simonshofen.de DORV Eisenthal https:\/\/www.dorv-eisental.de Retschter L\u00e4dchen https:\/\/www.retschter-laedchen.de\/ Sesam Naturkost https:\/\/sesam.bio\/ Wiesenfelder Dorfladen https:\/\/www.wiesenfelder-dorfladen.de 4 Sterne tragen aktuell folgende Dorfl\u00e4den: Dorfladen Eggenthal https:\/\/dorfladen.eggenthal.de Dorfladen Unterleinleiter https:\/\/www.ladarer-dorfladen.de Dorfladen Mindelzell https:\/\/gemeinde-ursberg.de\/freizeit-wirtschaft\/dorfladen-mindenzell\/ 3 Sterne tragen aktuell folgende Dorfl\u00e4den: keiner Die Auszeichnung ist jeweils f\u00fcr 2 Jahre [&hellip;]<\/p>\n","protected":false},"author":6,"featured_media":5039,"parent":0,"menu_order":0,"comment_status":"closed","ping_status":"closed","template":"page-templates\/template-fullwidth.php","meta":{"_eb_attr":"","_themeisle_gutenberg_block_has_review":false,"footnotes":""},"class_list":["post-5105","page","type-page","status-publish","has-post-thumbnail","hentry"],"yoast_head":"<!-- This site is optimized with the Yoast SEO plugin v26.0 - https:\/\/yoast.com\/wordpress\/plugins\/seo\/ -->\n<title>Die ausgezeichneten Dorfl\u00e4den - Bundesverband der B\u00fcrger- und Dorfl\u00e4den e.V. - Das Dorfladen Netzwerk<\/title>\n<meta name=\"description\" content=\"Die Seite f\u00fcr Dorfladen Know How\" \/>\n<meta name=\"robots\" content=\"index, follow, max-snippet:-1, max-image-preview:large, max-video-preview:-1\" \/>\n<link rel=\"canonical\" href=\"https:\/\/bvbdl.de\/index.php\/unsere-sterne-dorflaeden\/\" \/>\n<meta property=\"og:locale\" content=\"de_DE\" \/>\n<meta property=\"og:type\" content=\"article\" \/>\n<meta property=\"og:title\" content=\"Die ausgezeichneten Dorfl\u00e4den - Bundesverband der B\u00fcrger- und Dorfl\u00e4den e.V. - Das Dorfladen Netzwerk\" \/>\n<meta property=\"og:description\" content=\"Die Seite f\u00fcr Dorfladen Know How\" \/>\n<meta property=\"og:url\" content=\"https:\/\/bvbdl.de\/index.php\/unsere-sterne-dorflaeden\/\" \/>\n<meta property=\"og:site_name\" content=\"Bundesverband der B\u00fcrger- und Dorfl\u00e4den e.V. - Das Dorfladen Netzwerk\" \/>\n<meta property=\"article:publisher\" content=\"https:\/\/www.facebook.com\/Dorfladen.Familie\" \/>\n<meta property=\"article:modified_time\" content=\"2026-01-19T14:08:21+00:00\" \/>\n<meta property=\"og:image\" content=\"https:\/\/bvbdl.de\/wp-content\/uploads\/2021\/09\/5sterne-e1632139764257.jpg\" \/>\n\t<meta property=\"og:image:width\" content=\"229\" \/>\n\t<meta property=\"og:image:height\" content=\"189\" \/>\n\t<meta property=\"og:image:type\" content=\"image\/jpeg\" \/>\n<meta name=\"twitter:card\" content=\"summary_large_image\" \/>\n<meta name=\"twitter:label1\" content=\"Gesch\u00e4tzte Lesezeit\" \/>\n\t<meta name=\"twitter:data1\" content=\"1\u00a0Minute\" \/>\n<script type=\"application\/ld+json\" class=\"yoast-schema-graph\">{\"@context\":\"https:\/\/schema.org\",\"@graph\":[{\"@type\":\"WebPage\",\"@id\":\"https:\/\/bvbdl.de\/index.php\/unsere-sterne-dorflaeden\/\",\"url\":\"https:\/\/bvbdl.de\/index.php\/unsere-sterne-dorflaeden\/\",\"name\":\"Die ausgezeichneten Dorfl\u00e4den - Bundesverband der B\u00fcrger- und Dorfl\u00e4den e.V. - Das Dorfladen Netzwerk\",\"isPartOf\":{\"@id\":\"https:\/\/bvbdl.de\/#website\"},\"primaryImageOfPage\":{\"@id\":\"https:\/\/bvbdl.de\/index.php\/unsere-sterne-dorflaeden\/#primaryimage\"},\"image\":{\"@id\":\"https:\/\/bvbdl.de\/index.php\/unsere-sterne-dorflaeden\/#primaryimage\"},\"thumbnailUrl\":\"https:\/\/bvbdl.de\/wp-content\/uploads\/2021\/09\/5sterne-e1632139764257.jpg\",\"datePublished\":\"2021-10-04T12:32:06+00:00\",\"dateModified\":\"2026-01-19T14:08:21+00:00\",\"description\":\"Die Seite f\u00fcr Dorfladen Know How\",\"breadcrumb\":{\"@id\":\"https:\/\/bvbdl.de\/index.php\/unsere-sterne-dorflaeden\/#breadcrumb\"},\"inLanguage\":\"de\",\"potentialAction\":[{\"@type\":\"ReadAction\",\"target\":[\"https:\/\/bvbdl.de\/index.php\/unsere-sterne-dorflaeden\/\"]}]},{\"@type\":\"ImageObject\",\"inLanguage\":\"de\",\"@id\":\"https:\/\/bvbdl.de\/index.php\/unsere-sterne-dorflaeden\/#primaryimage\",\"url\":\"https:\/\/bvbdl.de\/wp-content\/uploads\/2021\/09\/5sterne-e1632139764257.jpg\",\"contentUrl\":\"https:\/\/bvbdl.de\/wp-content\/uploads\/2021\/09\/5sterne-e1632139764257.jpg\",\"width\":229,\"height\":189,\"caption\":\"5 Sterne Dorfladen Wettbewerb der Verinigung der B\u00fcrger und Dorfl\u00e4den in Deutschland\"},{\"@type\":\"BreadcrumbList\",\"@id\":\"https:\/\/bvbdl.de\/index.php\/unsere-sterne-dorflaeden\/#breadcrumb\",\"itemListElement\":[{\"@type\":\"ListItem\",\"position\":1,\"name\":\"Home\",\"item\":\"https:\/\/bvbdl.de\/\"},{\"@type\":\"ListItem\",\"position\":2,\"name\":\"Die ausgezeichneten Dorfl\u00e4den\"}]},{\"@type\":\"WebSite\",\"@id\":\"https:\/\/bvbdl.de\/#website\",\"url\":\"https:\/\/bvbdl.de\/\",\"name\":\"Bundesverband der B\u00fcrger- und Dorfl\u00e4den e.V. - Das Dorfladen Netzwerk\",\"description\":\"bvbdl.de\",\"publisher\":{\"@id\":\"https:\/\/bvbdl.de\/#organization\"},\"potentialAction\":[{\"@type\":\"SearchAction\",\"target\":{\"@type\":\"EntryPoint\",\"urlTemplate\":\"https:\/\/bvbdl.de\/?s={search_term_string}\"},\"query-input\":{\"@type\":\"PropertyValueSpecification\",\"valueRequired\":true,\"valueName\":\"search_term_string\"}}],\"inLanguage\":\"de\"},{\"@type\":\"Organization\",\"@id\":\"https:\/\/bvbdl.de\/#organization\",\"name\":\"Bundesverband der B\u00fcrger- und Dorfl\u00e4den in Deutschland e.V.\",\"url\":\"https:\/\/bvbdl.de\/\",\"logo\":{\"@type\":\"ImageObject\",\"inLanguage\":\"de\",\"@id\":\"https:\/\/bvbdl.de\/#\/schema\/logo\/image\/\",\"url\":\"https:\/\/bvbdl.de\/wp-content\/uploads\/2025\/02\/Logo_Bundesverband_with_border.png\",\"contentUrl\":\"https:\/\/bvbdl.de\/wp-content\/uploads\/2025\/02\/Logo_Bundesverband_with_border.png\",\"width\":302,\"height\":278,\"caption\":\"Bundesverband der B\u00fcrger- und Dorfl\u00e4den in Deutschland e.V.\"},\"image\":{\"@id\":\"https:\/\/bvbdl.de\/#\/schema\/logo\/image\/\"},\"sameAs\":[\"https:\/\/www.facebook.com\/Dorfladen.Familie\",\"https:\/\/www.instagram.com\/dorfladennetzwerk\/\",\"https:\/\/www.youtube.com\/channel\/UCiIcZBpITXauy6ydrZiZIew\"]}]}<\/script>\n<!-- \/ Yoast SEO plugin. -->","yoast_head_json":{"title":"Die ausgezeichneten Dorfl\u00e4den - Bundesverband der B\u00fcrger- und Dorfl\u00e4den e.V. - Das Dorfladen Netzwerk","description":"Die Seite f\u00fcr Dorfladen Know How","robots":{"index":"index","follow":"follow","max-snippet":"max-snippet:-1","max-image-preview":"max-image-preview:large","max-video-preview":"max-video-preview:-1"},"canonical":"https:\/\/bvbdl.de\/index.php\/unsere-sterne-dorflaeden\/","og_locale":"de_DE","og_type":"article","og_title":"Die ausgezeichneten Dorfl\u00e4den - Bundesverband der B\u00fcrger- und Dorfl\u00e4den e.V. - Das Dorfladen Netzwerk","og_description":"Die Seite f\u00fcr Dorfladen Know How","og_url":"https:\/\/bvbdl.de\/index.php\/unsere-sterne-dorflaeden\/","og_site_name":"Bundesverband der B\u00fcrger- und Dorfl\u00e4den e.V. - Das Dorfladen Netzwerk","article_publisher":"https:\/\/www.facebook.com\/Dorfladen.Familie","article_modified_time":"2026-01-19T14:08:21+00:00","og_image":[{"width":229,"height":189,"url":"https:\/\/bvbdl.de\/wp-content\/uploads\/2021\/09\/5sterne-e1632139764257.jpg","type":"image\/jpeg"}],"twitter_card":"summary_large_image","twitter_misc":{"Gesch\u00e4tzte Lesezeit":"1\u00a0Minute"},"schema":{"@context":"https:\/\/schema.org","@graph":[{"@type":"WebPage","@id":"https:\/\/bvbdl.de\/index.php\/unsere-sterne-dorflaeden\/","url":"https:\/\/bvbdl.de\/index.php\/unsere-sterne-dorflaeden\/","name":"Die ausgezeichneten Dorfl\u00e4den - Bundesverband der B\u00fcrger- und Dorfl\u00e4den e.V. - Das Dorfladen Netzwerk","isPartOf":{"@id":"https:\/\/bvbdl.de\/#website"},"primaryImageOfPage":{"@id":"https:\/\/bvbdl.de\/index.php\/unsere-sterne-dorflaeden\/#primaryimage"},"image":{"@id":"https:\/\/bvbdl.de\/index.php\/unsere-sterne-dorflaeden\/#primaryimage"},"thumbnailUrl":"https:\/\/bvbdl.de\/wp-content\/uploads\/2021\/09\/5sterne-e1632139764257.jpg","datePublished":"2021-10-04T12:32:06+00:00","dateModified":"2026-01-19T14:08:21+00:00","description":"Die Seite f\u00fcr Dorfladen Know How","breadcrumb":{"@id":"https:\/\/bvbdl.de\/index.php\/unsere-sterne-dorflaeden\/#breadcrumb"},"inLanguage":"de","potentialAction":[{"@type":"ReadAction","target":["https:\/\/bvbdl.de\/index.php\/unsere-sterne-dorflaeden\/"]}]},{"@type":"ImageObject","inLanguage":"de","@id":"https:\/\/bvbdl.de\/index.php\/unsere-sterne-dorflaeden\/#primaryimage","url":"https:\/\/bvbdl.de\/wp-content\/uploads\/2021\/09\/5sterne-e1632139764257.jpg","contentUrl":"https:\/\/bvbdl.de\/wp-content\/uploads\/2021\/09\/5sterne-e1632139764257.jpg","width":229,"height":189,"caption":"5 Sterne Dorfladen Wettbewerb der Verinigung der B\u00fcrger und Dorfl\u00e4den in Deutschland"},{"@type":"BreadcrumbList","@id":"https:\/\/bvbdl.de\/index.php\/unsere-sterne-dorflaeden\/#breadcrumb","itemListElement":[{"@type":"ListItem","position":1,"name":"Home","item":"https:\/\/bvbdl.de\/"},{"@type":"ListItem","position":2,"name":"Die ausgezeichneten Dorfl\u00e4den"}]},{"@type":"WebSite","@id":"https:\/\/bvbdl.de\/#website","url":"https:\/\/bvbdl.de\/","name":"Bundesverband der B\u00fcrger- und Dorfl\u00e4den e.V. - Das Dorfladen Netzwerk","description":"bvbdl.de","publisher":{"@id":"https:\/\/bvbdl.de\/#organization"},"potentialAction":[{"@type":"SearchAction","target":{"@type":"EntryPoint","urlTemplate":"https:\/\/bvbdl.de\/?s={search_term_string}"},"query-input":{"@type":"PropertyValueSpecification","valueRequired":true,"valueName":"search_term_string"}}],"inLanguage":"de"},{"@type":"Organization","@id":"https:\/\/bvbdl.de\/#organization","name":"Bundesverband der B\u00fcrger- und Dorfl\u00e4den in Deutschland e.V.","url":"https:\/\/bvbdl.de\/","logo":{"@type":"ImageObject","inLanguage":"de","@id":"https:\/\/bvbdl.de\/#\/schema\/logo\/image\/","url":"https:\/\/bvbdl.de\/wp-content\/uploads\/2025\/02\/Logo_Bundesverband_with_border.png","contentUrl":"https:\/\/bvbdl.de\/wp-content\/uploads\/2025\/02\/Logo_Bundesverband_with_border.png","width":302,"height":278,"caption":"Bundesverband der B\u00fcrger- und Dorfl\u00e4den in Deutschland e.V."},"image":{"@id":"https:\/\/bvbdl.de\/#\/schema\/logo\/image\/"},"sameAs":["https:\/\/www.facebook.com\/Dorfladen.Familie","https:\/\/www.instagram.com\/dorfladennetzwerk\/","https:\/\/www.youtube.com\/channel\/UCiIcZBpITXauy6ydrZiZIew"]}]}},"_links":{"self":[{"href":"https:\/\/bvbdl.de\/index.php\/wp-json\/wp\/v2\/pages\/5105","targetHints":{"allow":["GET"]}}],"collection":[{"href":"https:\/\/bvbdl.de\/index.php\/wp-json\/wp\/v2\/pages"}],"about":[{"href":"https:\/\/bvbdl.de\/index.php\/wp-json\/wp\/v2\/types\/page"}],"author":[{"embeddable":true,"href":"https:\/\/bvbdl.de\/index.php\/wp-json\/wp\/v2\/users\/6"}],"replies":[{"embeddable":true,"href":"https:\/\/bvbdl.de\/index.php\/wp-json\/wp\/v2\/comments?post=5105"}],"version-history":[{"count":30,"href":"https:\/\/bvbdl.de\/index.php\/wp-json\/wp\/v2\/pages\/5105\/revisions"}],"predecessor-version":[{"id":7581,"href":"https:\/\/bvbdl.de\/index.php\/wp-json\/wp\/v2\/pages\/5105\/revisions\/7581"}],"wp:featuredmedia":[{"embeddable":true,"href":"https:\/\/bvbdl.de\/index.php\/wp-json\/wp\/v2\/media\/5039"}],"wp:attachment":[{"href":"https:\/\/bvbdl.de\/index.php\/wp-json\/wp\/v2\/media?parent=5105"}],"curies":[{"name":"wp","href":"https:\/\/api.w.org\/{rel}","templated":true}]}}