{"id":4900,"date":"2021-09-10T09:22:13","date_gmt":"2021-09-10T09:22:13","guid":{"rendered":"https:\/\/praxiswissen.dorfladen-netzwerk.com\/?page_id=4900"},"modified":"2021-09-16T10:00:45","modified_gmt":"2021-09-16T10:00:45","slug":"blog","status":"publish","type":"page","link":"https:\/\/bvbdl.de\/index.php\/blog\/","title":{"rendered":"Blog"},"content":{"rendered":"\n<div class=\"wp-block-themeisle-blocks-advanced-columns has-1-columns has-desktop-equal-layout has-tablet-equal-layout has-mobile-equal-layout has-default-gap has-vertical-unset\" id=\"wp-block-themeisle-blocks-advanced-columns-61ce348c\"><div class=\"wp-block-themeisle-blocks-advanced-columns-overlay\"><\/div><div class=\"innerblocks-wrap\">\n<div class=\"wp-block-themeisle-blocks-advanced-column\" id=\"wp-block-themeisle-blocks-advanced-column-a5f323c2\">\n<div class=\"wp-block-columns is-layout-flex wp-container-core-columns-is-layout-28f84493 wp-block-columns-is-layout-flex\">\n<div class=\"wp-block-column is-layout-flow wp-block-column-is-layout-flow\" style=\"flex-basis:100%\"><div class=\"wp-block-themeisle-blocks-posts-grid\" id=\"\"><div class=\"is-list\"><div class=\"o-posts-grid-post-blog o-posts-grid-post-plain\"><div class=\"o-posts-grid-post\"><div class=\"o-posts-grid-post-body is-full\"><span class=\"o-posts-grid-post-category\"><a href=\"https:\/\/bvbdl.de\/index.php\/category\/blog\/\">Blog<\/a><\/span><h4 class=\"o-posts-grid-post-title\"><a href=\"https:\/\/bvbdl.de\/index.php\/2026\/03\/10\/dorflaeden-im-podcast-regalplatz\/\">Dorfl\u00e4den im Podcast \u201eRegalplatz\u201c<\/a><\/h4><div class=\"o-posts-grid-post-description\"><p>Wie funktioniert wirtschaftliche Nahversorgung auf kleiner Fl\u00e4che? Welche Rolle spielen Dorfl\u00e4den he\u2026<\/p><\/div><\/div><\/div><\/div><div class=\"o-posts-grid-post-blog o-posts-grid-post-plain\"><div class=\"o-posts-grid-post\"><div class=\"o-posts-grid-post-image\"><a href=\"https:\/\/bvbdl.de\/index.php\/2026\/01\/20\/mehr-als-beratung-echte-begleitung\/\"><img loading=\"lazy\" decoding=\"async\" width=\"1980\" height=\"1320\" src=\"https:\/\/bvbdl.de\/wp-content\/uploads\/2026\/01\/HEADER-Peter-Feldbauer-und-Sandy-Bolkart.jpg\" class=\"attachment-full size-full\" alt=\"Mehr als Beratung. Echte Begleitung.\" srcset=\"https:\/\/bvbdl.de\/wp-content\/uploads\/2026\/01\/HEADER-Peter-Feldbauer-und-Sandy-Bolkart.jpg 1980w, https:\/\/bvbdl.de\/wp-content\/uploads\/2026\/01\/HEADER-Peter-Feldbauer-und-Sandy-Bolkart-300x200.jpg 300w, https:\/\/bvbdl.de\/wp-content\/uploads\/2026\/01\/HEADER-Peter-Feldbauer-und-Sandy-Bolkart-1024x683.jpg 1024w, https:\/\/bvbdl.de\/wp-content\/uploads\/2026\/01\/HEADER-Peter-Feldbauer-und-Sandy-Bolkart-768x512.jpg 768w, https:\/\/bvbdl.de\/wp-content\/uploads\/2026\/01\/HEADER-Peter-Feldbauer-und-Sandy-Bolkart-1536x1024.jpg 1536w, https:\/\/bvbdl.de\/wp-content\/uploads\/2026\/01\/HEADER-Peter-Feldbauer-und-Sandy-Bolkart-360x240.jpg 360w\" sizes=\"(max-width: 1980px) 100vw, 1980px\" \/><\/a><\/div><div class=\"o-posts-grid-post-body\"><span class=\"o-posts-grid-post-category\"><a href=\"https:\/\/bvbdl.de\/index.php\/category\/blog\/\">Blog<\/a><\/span><h4 class=\"o-posts-grid-post-title\"><a href=\"https:\/\/bvbdl.de\/index.php\/2026\/01\/20\/mehr-als-beratung-echte-begleitung\/\">Mehr als Beratung. Echte Begleitung.<\/a><\/h4><div class=\"o-posts-grid-post-description\"><p>Dorfl\u00e4den stehen t\u00e4glich vor Entscheidungen, die \u00fcber ihren Erfolg entscheiden.Nicht auf dem Papier \u2026<\/p><\/div><\/div><\/div><\/div><div class=\"o-posts-grid-post-blog o-posts-grid-post-plain\"><div class=\"o-posts-grid-post\"><div class=\"o-posts-grid-post-image\"><a href=\"https:\/\/bvbdl.de\/index.php\/2026\/01\/19\/5-sterne-projekt\/\"><img loading=\"lazy\" decoding=\"async\" width=\"1000\" height=\"1000\" src=\"https:\/\/bvbdl.de\/wp-content\/uploads\/2026\/01\/Wilde-Collage.jpg\" class=\"attachment-full size-full\" alt=\"5 Sterne Projekt\" srcset=\"https:\/\/bvbdl.de\/wp-content\/uploads\/2026\/01\/Wilde-Collage.jpg 1000w, https:\/\/bvbdl.de\/wp-content\/uploads\/2026\/01\/Wilde-Collage-300x300.jpg 300w, https:\/\/bvbdl.de\/wp-content\/uploads\/2026\/01\/Wilde-Collage-150x150.jpg 150w, https:\/\/bvbdl.de\/wp-content\/uploads\/2026\/01\/Wilde-Collage-768x768.jpg 768w\" sizes=\"(max-width: 1000px) 100vw, 1000px\" \/><\/a><\/div><div class=\"o-posts-grid-post-body\"><span class=\"o-posts-grid-post-category\"><a href=\"https:\/\/bvbdl.de\/index.php\/category\/blog\/\">Blog<\/a><\/span><h4 class=\"o-posts-grid-post-title\"><a href=\"https:\/\/bvbdl.de\/index.php\/2026\/01\/19\/5-sterne-projekt\/\">5 Sterne Projekt<\/a><\/h4><div class=\"o-posts-grid-post-description\"><p>Viele Dorfl\u00e4den haben teilgenommen \u2013 und wir sagen Danke! Im vergangenen Jahr haben sich wieder zahl\u2026<\/p><\/div><\/div><\/div><\/div><div class=\"o-posts-grid-post-blog o-posts-grid-post-plain\"><div class=\"o-posts-grid-post\"><div class=\"o-posts-grid-post-body is-full\"><span class=\"o-posts-grid-post-category\"><a href=\"https:\/\/bvbdl.de\/index.php\/category\/blog\/\">Blog<\/a><\/span><h4 class=\"o-posts-grid-post-title\"><a href=\"https:\/\/bvbdl.de\/index.php\/2025\/11\/16\/sonntagsoeffnung-ist-kein-erfolgsfaktor-tragfaehige-nahversorgung-entsteht-montag-bis-samstag\/\">Sonntags\u00f6ffnung ist kein Erfolgsfaktor \u2013 tragf\u00e4hige Nahversorgung entsteht Montag bis Samstag<\/a><\/h4><div class=\"o-posts-grid-post-description\"><p>In der aktuellen Diskussion rund um Sonntags\u00f6ffnungen wird h\u00e4ufig der Eindruck vermittelt, der Sonnt\u2026<\/p><\/div><\/div><\/div><\/div><div class=\"o-posts-grid-post-blog o-posts-grid-post-plain\"><div class=\"o-posts-grid-post\"><div class=\"o-posts-grid-post-body is-full\"><span class=\"o-posts-grid-post-category\"><a href=\"https:\/\/bvbdl.de\/index.php\/category\/blog\/\">Blog<\/a><\/span><h4 class=\"o-posts-grid-post-title\"><a href=\"https:\/\/bvbdl.de\/index.php\/2025\/11\/06\/erfa-tagung-schollbrunnerfa-tagung-schollbrunn-schwerpunkt-kalkulation-der-speisenerfa-tagung-schollbrunn\/\">Erfa-Tagung Schollbrunn \u2013 Schwerpunkt \u201eKalkulation der Speisen\u201cErfa Tagung Schollbrunn<\/a><\/h4><div class=\"o-posts-grid-post-description\"><p>Am 5. und 6. November 2025 fand in Schollbrunn (Landkreis Main-Spessart) die j\u00fcngste Erfa-Tagung des\u2026<\/p><\/div><\/div><\/div><\/div><div class=\"o-posts-grid-post-blog o-posts-grid-post-plain\"><div class=\"o-posts-grid-post\"><div class=\"o-posts-grid-post-body is-full\"><span class=\"o-posts-grid-post-category\"><a href=\"https:\/\/bvbdl.de\/index.php\/category\/blog\/\">Blog<\/a><\/span><h4 class=\"o-posts-grid-post-title\"><a href=\"https:\/\/bvbdl.de\/index.php\/2025\/10\/14\/im-gespraech-bei-startbahn24\/\">&#8230;im Gespr\u00e4ch bei Startbahn24:<\/a><\/h4><div class=\"o-posts-grid-post-description\"><p>Vielen Dank an Patrick Grimmeisen und Nico Hildmann vom startbahn27 \/ GRIBS Gr\u00fcnderzentrum Schweinfu\u2026<\/p><\/div><\/div><\/div><\/div><div class=\"o-posts-grid-post-blog o-posts-grid-post-plain\"><div class=\"o-posts-grid-post\"><div class=\"o-posts-grid-post-body is-full\"><span class=\"o-posts-grid-post-category\"><a href=\"https:\/\/bvbdl.de\/index.php\/category\/blog\/\">Blog<\/a><\/span><h4 class=\"o-posts-grid-post-title\"><a href=\"https:\/\/bvbdl.de\/index.php\/2025\/08\/23\/franchisegebuehren-laendlicher-einzelhandel\/\">Klartext zur Realit\u00e4t im l\u00e4ndlichen Einzelhandel<\/a><\/h4><div class=\"o-posts-grid-post-description\"><p>\u201eIn Deutschland liegt im Lebensmitteleinzelhandel die Umsatzrendite bei 1\u20133 %. Franchisegeb\u00fchren obe\u2026<\/p><\/div><\/div><\/div><\/div><div class=\"o-posts-grid-post-blog o-posts-grid-post-plain\"><div class=\"o-posts-grid-post\"><div class=\"o-posts-grid-post-body is-full\"><span class=\"o-posts-grid-post-category\"><a href=\"https:\/\/bvbdl.de\/index.php\/category\/blog\/\">Blog<\/a><\/span><h4 class=\"o-posts-grid-post-title\"><a href=\"https:\/\/bvbdl.de\/index.php\/2025\/06\/27\/mindestlohn-steigt-und-der-mensch-bleibt-trotzdem-unersetzlich\/\">Mindestlohn steigt \u2013 und der Mensch bleibt trotzdem unersetzlich!<\/a><\/h4><div class=\"o-posts-grid-post-description\"><p>Wer denkt, \u201epersonallose\u201c Smart Stores seien nun die sofortige Antwort, \u00fcbersieht eines:Im klassisch\u2026<\/p><\/div><\/div><\/div><\/div><div class=\"o-posts-grid-post-blog o-posts-grid-post-plain\"><div class=\"o-posts-grid-post\"><div class=\"o-posts-grid-post-body is-full\"><span class=\"o-posts-grid-post-category\"><a href=\"https:\/\/bvbdl.de\/index.php\/category\/blog\/\">Blog<\/a><\/span><h4 class=\"o-posts-grid-post-title\"><a href=\"https:\/\/bvbdl.de\/index.php\/2025\/06\/27\/mindestlohn-steigt-was-bedeutet-das-fuer-unsere-dorflaeden\/\">Mindestlohn steigt \u2013 was bedeutet das f\u00fcr unsere Dorfl\u00e4den?<\/a><\/h4><div class=\"o-posts-grid-post-description\"><p>Ab 2026 soll der Mindestlohn auf 13,90\u202f\u20ac, ab 2027 sogar auf 14,60\u202f\u20ac steigen. F\u00fcr viele Dorfl\u00e4den ist\u2026<\/p><\/div><\/div><\/div><\/div><div class=\"o-posts-grid-post-blog o-posts-grid-post-plain\"><div class=\"o-posts-grid-post\"><div class=\"o-posts-grid-post-body is-full\"><span class=\"o-posts-grid-post-category\"><a href=\"https:\/\/bvbdl.de\/index.php\/category\/blog\/\">Blog<\/a><\/span><h4 class=\"o-posts-grid-post-title\"><a href=\"https:\/\/bvbdl.de\/index.php\/2025\/06\/18\/kostenloser-qualitaetscheck\/\">Kostenloser Qualit\u00e4tscheck<\/a><\/h4><div class=\"o-posts-grid-post-description\"><p>\ud83d\udca1 Wussten Sie, dass die Umsatzrenditen im deutschen Lebensmitteleinzelhandel oft nur 1\u20132\u202f% betragen?\u2026<\/p><\/div><\/div><\/div><\/div><\/div> <\/div><\/div>\n<\/div>\n<\/div>\n<\/div><\/div>\n","protected":false},"excerpt":{"rendered":"","protected":false},"author":1,"featured_media":4871,"parent":0,"menu_order":0,"comment_status":"closed","ping_status":"closed","template":"page-templates\/template-fullwidth.php","meta":{"_eb_attr":"","_themeisle_gutenberg_block_has_review":false,"footnotes":""},"class_list":["post-4900","page","type-page","status-publish","has-post-thumbnail","hentry"],"yoast_head":"<!-- This site is optimized with the Yoast SEO plugin v26.0 - https:\/\/yoast.com\/wordpress\/plugins\/seo\/ -->\n<title>Blog - Bundesverband der B\u00fcrger- und Dorfl\u00e4den e.V. - Das Dorfladen Netzwerk<\/title>\n<meta name=\"description\" content=\"Die Seite f\u00fcr Dorfladen Know How\" \/>\n<meta name=\"robots\" content=\"index, follow, max-snippet:-1, max-image-preview:large, max-video-preview:-1\" \/>\n<link rel=\"canonical\" href=\"https:\/\/bvbdl.de\/index.php\/blog\/\" \/>\n<meta property=\"og:locale\" content=\"de_DE\" \/>\n<meta property=\"og:type\" content=\"article\" \/>\n<meta property=\"og:title\" content=\"Blog - Bundesverband der B\u00fcrger- und Dorfl\u00e4den e.V. - Das Dorfladen Netzwerk\" \/>\n<meta property=\"og:description\" content=\"Die Seite f\u00fcr Dorfladen Know How\" \/>\n<meta property=\"og:url\" content=\"https:\/\/bvbdl.de\/index.php\/blog\/\" \/>\n<meta property=\"og:site_name\" content=\"Bundesverband der B\u00fcrger- und Dorfl\u00e4den e.V. - Das Dorfladen Netzwerk\" \/>\n<meta property=\"article:publisher\" content=\"https:\/\/www.facebook.com\/Dorfladen.Familie\" \/>\n<meta property=\"article:modified_time\" content=\"2021-09-16T10:00:45+00:00\" \/>\n<meta property=\"og:image\" content=\"https:\/\/bvbdl.de\/wp-content\/uploads\/2021\/09\/1-scaled.jpg\" \/>\n\t<meta property=\"og:image:width\" content=\"2560\" \/>\n\t<meta property=\"og:image:height\" content=\"1244\" \/>\n\t<meta property=\"og:image:type\" content=\"image\/jpeg\" \/>\n<meta name=\"twitter:card\" content=\"summary_large_image\" \/>\n<script type=\"application\/ld+json\" class=\"yoast-schema-graph\">{\"@context\":\"https:\/\/schema.org\",\"@graph\":[{\"@type\":\"WebPage\",\"@id\":\"https:\/\/bvbdl.de\/index.php\/blog\/\",\"url\":\"https:\/\/bvbdl.de\/index.php\/blog\/\",\"name\":\"Blog - Bundesverband der B\u00fcrger- und Dorfl\u00e4den e.V. - Das Dorfladen Netzwerk\",\"isPartOf\":{\"@id\":\"https:\/\/bvbdl.de\/#website\"},\"primaryImageOfPage\":{\"@id\":\"https:\/\/bvbdl.de\/index.php\/blog\/#primaryimage\"},\"image\":{\"@id\":\"https:\/\/bvbdl.de\/index.php\/blog\/#primaryimage\"},\"thumbnailUrl\":\"https:\/\/bvbdl.de\/wp-content\/uploads\/2021\/09\/1-scaled.jpg\",\"datePublished\":\"2021-09-10T09:22:13+00:00\",\"dateModified\":\"2021-09-16T10:00:45+00:00\",\"description\":\"Die Seite f\u00fcr Dorfladen Know How\",\"breadcrumb\":{\"@id\":\"https:\/\/bvbdl.de\/index.php\/blog\/#breadcrumb\"},\"inLanguage\":\"de\",\"potentialAction\":[{\"@type\":\"ReadAction\",\"target\":[\"https:\/\/bvbdl.de\/index.php\/blog\/\"]}]},{\"@type\":\"ImageObject\",\"inLanguage\":\"de\",\"@id\":\"https:\/\/bvbdl.de\/index.php\/blog\/#primaryimage\",\"url\":\"https:\/\/bvbdl.de\/wp-content\/uploads\/2021\/09\/1-scaled.jpg\",\"contentUrl\":\"https:\/\/bvbdl.de\/wp-content\/uploads\/2021\/09\/1-scaled.jpg\",\"width\":2560,\"height\":1244},{\"@type\":\"BreadcrumbList\",\"@id\":\"https:\/\/bvbdl.de\/index.php\/blog\/#breadcrumb\",\"itemListElement\":[{\"@type\":\"ListItem\",\"position\":1,\"name\":\"Home\",\"item\":\"https:\/\/bvbdl.de\/\"},{\"@type\":\"ListItem\",\"position\":2,\"name\":\"Blog\"}]},{\"@type\":\"WebSite\",\"@id\":\"https:\/\/bvbdl.de\/#website\",\"url\":\"https:\/\/bvbdl.de\/\",\"name\":\"Bundesverband der B\u00fcrger- und Dorfl\u00e4den e.V. - Das Dorfladen Netzwerk\",\"description\":\"bvbdl.de\",\"publisher\":{\"@id\":\"https:\/\/bvbdl.de\/#organization\"},\"potentialAction\":[{\"@type\":\"SearchAction\",\"target\":{\"@type\":\"EntryPoint\",\"urlTemplate\":\"https:\/\/bvbdl.de\/?s={search_term_string}\"},\"query-input\":{\"@type\":\"PropertyValueSpecification\",\"valueRequired\":true,\"valueName\":\"search_term_string\"}}],\"inLanguage\":\"de\"},{\"@type\":\"Organization\",\"@id\":\"https:\/\/bvbdl.de\/#organization\",\"name\":\"Bundesverband der B\u00fcrger- und Dorfl\u00e4den in Deutschland e.V.\",\"url\":\"https:\/\/bvbdl.de\/\",\"logo\":{\"@type\":\"ImageObject\",\"inLanguage\":\"de\",\"@id\":\"https:\/\/bvbdl.de\/#\/schema\/logo\/image\/\",\"url\":\"https:\/\/bvbdl.de\/wp-content\/uploads\/2025\/02\/Logo_Bundesverband_with_border.png\",\"contentUrl\":\"https:\/\/bvbdl.de\/wp-content\/uploads\/2025\/02\/Logo_Bundesverband_with_border.png\",\"width\":302,\"height\":278,\"caption\":\"Bundesverband der B\u00fcrger- und Dorfl\u00e4den in Deutschland e.V.\"},\"image\":{\"@id\":\"https:\/\/bvbdl.de\/#\/schema\/logo\/image\/\"},\"sameAs\":[\"https:\/\/www.facebook.com\/Dorfladen.Familie\",\"https:\/\/www.instagram.com\/dorfladennetzwerk\/\",\"https:\/\/www.youtube.com\/channel\/UCiIcZBpITXauy6ydrZiZIew\"]}]}<\/script>\n<!-- \/ Yoast SEO plugin. -->","yoast_head_json":{"title":"Blog - Bundesverband der B\u00fcrger- und Dorfl\u00e4den e.V. - Das Dorfladen Netzwerk","description":"Die Seite f\u00fcr Dorfladen Know How","robots":{"index":"index","follow":"follow","max-snippet":"max-snippet:-1","max-image-preview":"max-image-preview:large","max-video-preview":"max-video-preview:-1"},"canonical":"https:\/\/bvbdl.de\/index.php\/blog\/","og_locale":"de_DE","og_type":"article","og_title":"Blog - Bundesverband der B\u00fcrger- und Dorfl\u00e4den e.V. - Das Dorfladen Netzwerk","og_description":"Die Seite f\u00fcr Dorfladen Know How","og_url":"https:\/\/bvbdl.de\/index.php\/blog\/","og_site_name":"Bundesverband der B\u00fcrger- und Dorfl\u00e4den e.V. - Das Dorfladen Netzwerk","article_publisher":"https:\/\/www.facebook.com\/Dorfladen.Familie","article_modified_time":"2021-09-16T10:00:45+00:00","og_image":[{"width":2560,"height":1244,"url":"https:\/\/bvbdl.de\/wp-content\/uploads\/2021\/09\/1-scaled.jpg","type":"image\/jpeg"}],"twitter_card":"summary_large_image","schema":{"@context":"https:\/\/schema.org","@graph":[{"@type":"WebPage","@id":"https:\/\/bvbdl.de\/index.php\/blog\/","url":"https:\/\/bvbdl.de\/index.php\/blog\/","name":"Blog - Bundesverband der B\u00fcrger- und Dorfl\u00e4den e.V. - Das Dorfladen Netzwerk","isPartOf":{"@id":"https:\/\/bvbdl.de\/#website"},"primaryImageOfPage":{"@id":"https:\/\/bvbdl.de\/index.php\/blog\/#primaryimage"},"image":{"@id":"https:\/\/bvbdl.de\/index.php\/blog\/#primaryimage"},"thumbnailUrl":"https:\/\/bvbdl.de\/wp-content\/uploads\/2021\/09\/1-scaled.jpg","datePublished":"2021-09-10T09:22:13+00:00","dateModified":"2021-09-16T10:00:45+00:00","description":"Die Seite f\u00fcr Dorfladen Know How","breadcrumb":{"@id":"https:\/\/bvbdl.de\/index.php\/blog\/#breadcrumb"},"inLanguage":"de","potentialAction":[{"@type":"ReadAction","target":["https:\/\/bvbdl.de\/index.php\/blog\/"]}]},{"@type":"ImageObject","inLanguage":"de","@id":"https:\/\/bvbdl.de\/index.php\/blog\/#primaryimage","url":"https:\/\/bvbdl.de\/wp-content\/uploads\/2021\/09\/1-scaled.jpg","contentUrl":"https:\/\/bvbdl.de\/wp-content\/uploads\/2021\/09\/1-scaled.jpg","width":2560,"height":1244},{"@type":"BreadcrumbList","@id":"https:\/\/bvbdl.de\/index.php\/blog\/#breadcrumb","itemListElement":[{"@type":"ListItem","position":1,"name":"Home","item":"https:\/\/bvbdl.de\/"},{"@type":"ListItem","position":2,"name":"Blog"}]},{"@type":"WebSite","@id":"https:\/\/bvbdl.de\/#website","url":"https:\/\/bvbdl.de\/","name":"Bundesverband der B\u00fcrger- und Dorfl\u00e4den e.V. - Das Dorfladen Netzwerk","description":"bvbdl.de","publisher":{"@id":"https:\/\/bvbdl.de\/#organization"},"potentialAction":[{"@type":"SearchAction","target":{"@type":"EntryPoint","urlTemplate":"https:\/\/bvbdl.de\/?s={search_term_string}"},"query-input":{"@type":"PropertyValueSpecification","valueRequired":true,"valueName":"search_term_string"}}],"inLanguage":"de"},{"@type":"Organization","@id":"https:\/\/bvbdl.de\/#organization","name":"Bundesverband der B\u00fcrger- und Dorfl\u00e4den in Deutschland e.V.","url":"https:\/\/bvbdl.de\/","logo":{"@type":"ImageObject","inLanguage":"de","@id":"https:\/\/bvbdl.de\/#\/schema\/logo\/image\/","url":"https:\/\/bvbdl.de\/wp-content\/uploads\/2025\/02\/Logo_Bundesverband_with_border.png","contentUrl":"https:\/\/bvbdl.de\/wp-content\/uploads\/2025\/02\/Logo_Bundesverband_with_border.png","width":302,"height":278,"caption":"Bundesverband der B\u00fcrger- und Dorfl\u00e4den in Deutschland e.V."},"image":{"@id":"https:\/\/bvbdl.de\/#\/schema\/logo\/image\/"},"sameAs":["https:\/\/www.facebook.com\/Dorfladen.Familie","https:\/\/www.instagram.com\/dorfladennetzwerk\/","https:\/\/www.youtube.com\/channel\/UCiIcZBpITXauy6ydrZiZIew"]}]}},"_links":{"self":[{"href":"https:\/\/bvbdl.de\/index.php\/wp-json\/wp\/v2\/pages\/4900","targetHints":{"allow":["GET"]}}],"collection":[{"href":"https:\/\/bvbdl.de\/index.php\/wp-json\/wp\/v2\/pages"}],"about":[{"href":"https:\/\/bvbdl.de\/index.php\/wp-json\/wp\/v2\/types\/page"}],"author":[{"embeddable":true,"href":"https:\/\/bvbdl.de\/index.php\/wp-json\/wp\/v2\/users\/1"}],"replies":[{"embeddable":true,"href":"https:\/\/bvbdl.de\/index.php\/wp-json\/wp\/v2\/comments?post=4900"}],"version-history":[{"count":8,"href":"https:\/\/bvbdl.de\/index.php\/wp-json\/wp\/v2\/pages\/4900\/revisions"}],"predecessor-version":[{"id":4972,"href":"https:\/\/bvbdl.de\/index.php\/wp-json\/wp\/v2\/pages\/4900\/revisions\/4972"}],"wp:featuredmedia":[{"embeddable":true,"href":"https:\/\/bvbdl.de\/index.php\/wp-json\/wp\/v2\/media\/4871"}],"wp:attachment":[{"href":"https:\/\/bvbdl.de\/index.php\/wp-json\/wp\/v2\/media?parent=4900"}],"curies":[{"name":"wp","href":"https:\/\/api.w.org\/{rel}","templated":true}]}}