{"id":4598,"date":"2021-02-16T12:00:30","date_gmt":"2021-02-16T12:00:30","guid":{"rendered":"https:\/\/praxiswissen.dorfladen-netzwerk.com\/?page_id=4598"},"modified":"2022-03-05T13:31:32","modified_gmt":"2022-03-05T13:31:32","slug":"link-collection","status":"publish","type":"page","link":"https:\/\/bvbdl.de\/index.php\/link-collection\/","title":{"rendered":"Dorfladen Akademie Linksammlung"},"content":{"rendered":"\n<center>\n\n\n\n<figure class=\"wp-block-image size-large is-resized is-style-rounded\"><a href=\"https:\/\/bvbdl.de\/index.php\/dorfladen-akademie\/\"><img loading=\"lazy\" decoding=\"async\" src=\"https:\/\/bvbdl.de\/wp-content\/uploads\/2021\/03\/Dorfladen_Akademie_21.jpg\" alt=\"\" class=\"wp-image-4633\" width=\"575\" height=\"436\" srcset=\"https:\/\/bvbdl.de\/wp-content\/uploads\/2021\/03\/Dorfladen_Akademie_21.jpg 415w, https:\/\/bvbdl.de\/wp-content\/uploads\/2021\/03\/Dorfladen_Akademie_21-300x227.jpg 300w\" sizes=\"auto, (max-width: 575px) 100vw, 575px\" \/><\/a><figcaption>Dorfladen Akademie des Bundesverbandes der B\u00fcrger- und Dorfl\u00e4den in Deutschland e.V.<\/figcaption><\/figure>\n\n\n\n<hr style=\"border-top: 5px solid #76B51E;\">\n\n\n\n<p class=\"has-text-align-center has-large-font-size\">Sie haben sich bereits registriert? <strong><a href=\"https:\/\/elopage.com\/users\/sign_in\" target=\"_blank\" rel=\"noreferrer noopener\">Direkt zur Dorfladen Akademie<\/a><\/strong><\/p>\n\n\n\n<div class=\"wp-block-buttons is-layout-flex wp-block-buttons-is-layout-flex\">\n<div class=\"wp-block-button is-style-outline is-style-outline--1\"><a class=\"wp-block-button__link has-black-color has-accent-background-color has-text-color has-background\" href=\"https:\/\/elopage.com\/users\/sign_in\" target=\"_blank\" rel=\"noreferrer noopener\">Direkt zur Dorfladen Akademie <\/a><\/div>\n<\/div>\n\n\n\n<hr style=\"border-top: 5px solid #76B51E;\">\n\n\n\n<p class=\"has-text-align-center has-large-font-size\"><strong><a href=\"https:\/\/bvbdl.de\/index.php\/dorfladen-akademie\/\">Noch keine Zugangsdaten? <\/a><\/strong><\/p>\n\n\n\n<div class=\"wp-block-buttons is-layout-flex wp-block-buttons-is-layout-flex\">\n<div class=\"wp-block-button is-style-outline is-style-outline--2\"><a class=\"wp-block-button__link has-black-color has-accent-background-color has-text-color has-background\" href=\"https:\/\/bvbdl.de\/index.php\/dorfladen-akademie\/\">Mehr erfahren<\/a><\/div>\n<\/div>\n\n\n\n<\/center>\n\n\n\n<hr style=\"border-top: 5px solid #76B51E;\">\n\n\n\n<hr class=\"wp-block-separator\"\/>\n\n\n\n<div class=\"wp-block-columns is-layout-flex wp-container-core-columns-is-layout-28f84493 wp-block-columns-is-layout-flex\">\n<div class=\"wp-block-column is-layout-flow wp-block-column-is-layout-flow\">\n<div class=\"wp-block-image\"><figure class=\"aligncenter size-large is-resized\"><a href=\"https:\/\/www.dorfladen-netzwerk.com\/\" target=\"_blank\" rel=\"noopener\"><img loading=\"lazy\" decoding=\"async\" src=\"https:\/\/bvbdl.de\/wp-content\/uploads\/2021\/03\/dorfladen-Netzwerk-Logo.png\" alt=\"\" width=\"120\" height=\"120\"\/><\/a><\/figure><\/div>\n\n\n\n<h4 class=\"has-text-align-center wp-block-heading\"><a href=\"https:\/\/www.dorfladen-netzwerk.com\/\" target=\"_blank\" rel=\"noreferrer noopener\">Start<\/a><\/h4>\n\n\n\n<div class=\"wp-block-image\"><figure class=\"aligncenter size-large is-resized\"><a href=\"https:\/\/www.instagram.com\/dorfladennetzwerk\/\" target=\"_blank\" rel=\"noopener\"><img loading=\"lazy\" decoding=\"async\" src=\"https:\/\/bvbdl.de\/wp-content\/uploads\/2021\/02\/580b57fcd9996e24bc43c5211.png\" alt=\"\" width=\"108\" height=\"108\"\/><\/a><\/figure><\/div>\n\n\n\n<h4 class=\"has-text-align-center wp-block-heading\"><a href=\"https:\/\/www.instagram.com\/dorfladennetzwerk\/\" target=\"_blank\" rel=\"noreferrer noopener\">Instagram<\/a><\/h4>\n<\/div>\n\n\n\n<div class=\"wp-block-column is-layout-flow wp-block-column-is-layout-flow\">\n<div class=\"wp-block-image\"><figure class=\"aligncenter size-large is-resized\"><a href=\"https:\/\/dorfladen.app\/#\/\" target=\"_blank\" rel=\"noopener\"><img loading=\"lazy\" decoding=\"async\" src=\"https:\/\/bvbdl.de\/wp-content\/uploads\/2021\/03\/Screenshot-2021-03-01-at-11.26.50-AM.png\" alt=\"\" width=\"116\" height=\"116\"\/><\/a><\/figure><\/div>\n\n\n\n<h4 class=\"has-text-align-center wp-block-heading\"><a href=\"https:\/\/dorfladen.app\/#\/\" target=\"_blank\" rel=\"noreferrer noopener\">dorfladen.app<\/a><\/h4>\n\n\n\n<div class=\"wp-block-image\"><figure class=\"aligncenter size-large is-resized\"><a href=\"https:\/\/www.facebook.com\/Dorfladen.Familie\" target=\"_blank\" rel=\"noopener\"><img loading=\"lazy\" decoding=\"async\" src=\"https:\/\/bvbdl.de\/wp-content\/uploads\/2021\/02\/facebook.png\" alt=\"\" width=\"104\" height=\"104\"\/><\/a><\/figure><\/div>\n\n\n\n<h4 class=\"has-text-align-center wp-block-heading\"><a href=\"https:\/\/www.facebook.com\/Dorfladen.Familie\" target=\"_blank\" rel=\"noreferrer noopener\">Facebook<\/a><\/h4>\n<\/div>\n<\/div>\n\n\n\n<p><\/p>\n","protected":false},"excerpt":{"rendered":"<p>Sie haben sich bereits registriert? Direkt zur Dorfladen Akademie Noch keine Zugangsdaten? Start Instagram dorfladen.app Facebook<\/p>\n","protected":false},"author":1,"featured_media":0,"parent":0,"menu_order":0,"comment_status":"closed","ping_status":"closed","template":"","meta":{"_eb_attr":"","_themeisle_gutenberg_block_has_review":false,"footnotes":""},"class_list":["post-4598","page","type-page","status-publish","hentry"],"yoast_head":"<!-- This site is optimized with the Yoast SEO plugin v26.0 - https:\/\/yoast.com\/wordpress\/plugins\/seo\/ -->\n<title>Dorfladen Akademie Linksammlung - Bundesverband der B\u00fcrger- und Dorfl\u00e4den e.V. - Das Dorfladen Netzwerk<\/title>\n<meta name=\"description\" content=\"\u00dcbersicht \u00fcber unsere Leistungen\" \/>\n<meta name=\"robots\" content=\"index, follow, max-snippet:-1, max-image-preview:large, max-video-preview:-1\" \/>\n<link rel=\"canonical\" href=\"https:\/\/bvbdl.de\/index.php\/link-collection\/\" \/>\n<meta property=\"og:locale\" content=\"de_DE\" \/>\n<meta property=\"og:type\" content=\"article\" \/>\n<meta property=\"og:title\" content=\"Dorfladen Akademie Linksammlung - Bundesverband der B\u00fcrger- und Dorfl\u00e4den e.V. - Das Dorfladen Netzwerk\" \/>\n<meta property=\"og:description\" content=\"\u00dcbersicht \u00fcber unsere Leistungen\" \/>\n<meta property=\"og:url\" content=\"https:\/\/bvbdl.de\/index.php\/link-collection\/\" \/>\n<meta property=\"og:site_name\" content=\"Bundesverband der B\u00fcrger- und Dorfl\u00e4den e.V. - Das Dorfladen Netzwerk\" \/>\n<meta property=\"article:publisher\" content=\"https:\/\/www.facebook.com\/Dorfladen.Familie\" \/>\n<meta property=\"article:modified_time\" content=\"2022-03-05T13:31:32+00:00\" \/>\n<meta property=\"og:image\" content=\"https:\/\/bvbdl.de\/wp-content\/uploads\/2021\/03\/Dorfladen_Akademie_21.jpg\" \/>\n<meta name=\"twitter:card\" content=\"summary_large_image\" \/>\n<meta name=\"twitter:label1\" content=\"Gesch\u00e4tzte Lesezeit\" \/>\n\t<meta name=\"twitter:data1\" content=\"2\u00a0Minuten\" \/>\n<script type=\"application\/ld+json\" class=\"yoast-schema-graph\">{\"@context\":\"https:\/\/schema.org\",\"@graph\":[{\"@type\":\"WebPage\",\"@id\":\"https:\/\/bvbdl.de\/index.php\/link-collection\/\",\"url\":\"https:\/\/bvbdl.de\/index.php\/link-collection\/\",\"name\":\"Dorfladen Akademie Linksammlung - Bundesverband der B\u00fcrger- und Dorfl\u00e4den e.V. - Das Dorfladen Netzwerk\",\"isPartOf\":{\"@id\":\"https:\/\/bvbdl.de\/#website\"},\"primaryImageOfPage\":{\"@id\":\"https:\/\/bvbdl.de\/index.php\/link-collection\/#primaryimage\"},\"image\":{\"@id\":\"https:\/\/bvbdl.de\/index.php\/link-collection\/#primaryimage\"},\"thumbnailUrl\":\"https:\/\/bvbdl.de\/wp-content\/uploads\/2021\/03\/Dorfladen_Akademie_21.jpg\",\"datePublished\":\"2021-02-16T12:00:30+00:00\",\"dateModified\":\"2022-03-05T13:31:32+00:00\",\"description\":\"\u00dcbersicht \u00fcber unsere Leistungen\",\"breadcrumb\":{\"@id\":\"https:\/\/bvbdl.de\/index.php\/link-collection\/#breadcrumb\"},\"inLanguage\":\"de\",\"potentialAction\":[{\"@type\":\"ReadAction\",\"target\":[\"https:\/\/bvbdl.de\/index.php\/link-collection\/\"]}]},{\"@type\":\"ImageObject\",\"inLanguage\":\"de\",\"@id\":\"https:\/\/bvbdl.de\/index.php\/link-collection\/#primaryimage\",\"url\":\"https:\/\/bvbdl.de\/wp-content\/uploads\/2021\/03\/Dorfladen_Akademie_21.jpg\",\"contentUrl\":\"https:\/\/bvbdl.de\/wp-content\/uploads\/2021\/03\/Dorfladen_Akademie_21.jpg\",\"width\":415,\"height\":314},{\"@type\":\"BreadcrumbList\",\"@id\":\"https:\/\/bvbdl.de\/index.php\/link-collection\/#breadcrumb\",\"itemListElement\":[{\"@type\":\"ListItem\",\"position\":1,\"name\":\"Home\",\"item\":\"https:\/\/bvbdl.de\/\"},{\"@type\":\"ListItem\",\"position\":2,\"name\":\"Dorfladen Akademie Linksammlung\"}]},{\"@type\":\"WebSite\",\"@id\":\"https:\/\/bvbdl.de\/#website\",\"url\":\"https:\/\/bvbdl.de\/\",\"name\":\"Bundesverband der B\u00fcrger- und Dorfl\u00e4den e.V. - Das Dorfladen Netzwerk\",\"description\":\"bvbdl.de\",\"publisher\":{\"@id\":\"https:\/\/bvbdl.de\/#organization\"},\"potentialAction\":[{\"@type\":\"SearchAction\",\"target\":{\"@type\":\"EntryPoint\",\"urlTemplate\":\"https:\/\/bvbdl.de\/?s={search_term_string}\"},\"query-input\":{\"@type\":\"PropertyValueSpecification\",\"valueRequired\":true,\"valueName\":\"search_term_string\"}}],\"inLanguage\":\"de\"},{\"@type\":\"Organization\",\"@id\":\"https:\/\/bvbdl.de\/#organization\",\"name\":\"Bundesverband der B\u00fcrger- und Dorfl\u00e4den in Deutschland e.V.\",\"url\":\"https:\/\/bvbdl.de\/\",\"logo\":{\"@type\":\"ImageObject\",\"inLanguage\":\"de\",\"@id\":\"https:\/\/bvbdl.de\/#\/schema\/logo\/image\/\",\"url\":\"https:\/\/bvbdl.de\/wp-content\/uploads\/2025\/02\/Logo_Bundesverband_with_border.png\",\"contentUrl\":\"https:\/\/bvbdl.de\/wp-content\/uploads\/2025\/02\/Logo_Bundesverband_with_border.png\",\"width\":302,\"height\":278,\"caption\":\"Bundesverband der B\u00fcrger- und Dorfl\u00e4den in Deutschland e.V.\"},\"image\":{\"@id\":\"https:\/\/bvbdl.de\/#\/schema\/logo\/image\/\"},\"sameAs\":[\"https:\/\/www.facebook.com\/Dorfladen.Familie\",\"https:\/\/www.instagram.com\/dorfladennetzwerk\/\",\"https:\/\/www.youtube.com\/channel\/UCiIcZBpITXauy6ydrZiZIew\"]}]}<\/script>\n<!-- \/ Yoast SEO plugin. -->","yoast_head_json":{"title":"Dorfladen Akademie Linksammlung - Bundesverband der B\u00fcrger- und Dorfl\u00e4den e.V. - Das Dorfladen Netzwerk","description":"\u00dcbersicht \u00fcber unsere Leistungen","robots":{"index":"index","follow":"follow","max-snippet":"max-snippet:-1","max-image-preview":"max-image-preview:large","max-video-preview":"max-video-preview:-1"},"canonical":"https:\/\/bvbdl.de\/index.php\/link-collection\/","og_locale":"de_DE","og_type":"article","og_title":"Dorfladen Akademie Linksammlung - Bundesverband der B\u00fcrger- und Dorfl\u00e4den e.V. - Das Dorfladen Netzwerk","og_description":"\u00dcbersicht \u00fcber unsere Leistungen","og_url":"https:\/\/bvbdl.de\/index.php\/link-collection\/","og_site_name":"Bundesverband der B\u00fcrger- und Dorfl\u00e4den e.V. - Das Dorfladen Netzwerk","article_publisher":"https:\/\/www.facebook.com\/Dorfladen.Familie","article_modified_time":"2022-03-05T13:31:32+00:00","og_image":[{"url":"https:\/\/bvbdl.de\/wp-content\/uploads\/2021\/03\/Dorfladen_Akademie_21.jpg","type":"","width":"","height":""}],"twitter_card":"summary_large_image","twitter_misc":{"Gesch\u00e4tzte Lesezeit":"2\u00a0Minuten"},"schema":{"@context":"https:\/\/schema.org","@graph":[{"@type":"WebPage","@id":"https:\/\/bvbdl.de\/index.php\/link-collection\/","url":"https:\/\/bvbdl.de\/index.php\/link-collection\/","name":"Dorfladen Akademie Linksammlung - Bundesverband der B\u00fcrger- und Dorfl\u00e4den e.V. - Das Dorfladen Netzwerk","isPartOf":{"@id":"https:\/\/bvbdl.de\/#website"},"primaryImageOfPage":{"@id":"https:\/\/bvbdl.de\/index.php\/link-collection\/#primaryimage"},"image":{"@id":"https:\/\/bvbdl.de\/index.php\/link-collection\/#primaryimage"},"thumbnailUrl":"https:\/\/bvbdl.de\/wp-content\/uploads\/2021\/03\/Dorfladen_Akademie_21.jpg","datePublished":"2021-02-16T12:00:30+00:00","dateModified":"2022-03-05T13:31:32+00:00","description":"\u00dcbersicht \u00fcber unsere Leistungen","breadcrumb":{"@id":"https:\/\/bvbdl.de\/index.php\/link-collection\/#breadcrumb"},"inLanguage":"de","potentialAction":[{"@type":"ReadAction","target":["https:\/\/bvbdl.de\/index.php\/link-collection\/"]}]},{"@type":"ImageObject","inLanguage":"de","@id":"https:\/\/bvbdl.de\/index.php\/link-collection\/#primaryimage","url":"https:\/\/bvbdl.de\/wp-content\/uploads\/2021\/03\/Dorfladen_Akademie_21.jpg","contentUrl":"https:\/\/bvbdl.de\/wp-content\/uploads\/2021\/03\/Dorfladen_Akademie_21.jpg","width":415,"height":314},{"@type":"BreadcrumbList","@id":"https:\/\/bvbdl.de\/index.php\/link-collection\/#breadcrumb","itemListElement":[{"@type":"ListItem","position":1,"name":"Home","item":"https:\/\/bvbdl.de\/"},{"@type":"ListItem","position":2,"name":"Dorfladen Akademie Linksammlung"}]},{"@type":"WebSite","@id":"https:\/\/bvbdl.de\/#website","url":"https:\/\/bvbdl.de\/","name":"Bundesverband der B\u00fcrger- und Dorfl\u00e4den e.V. - Das Dorfladen Netzwerk","description":"bvbdl.de","publisher":{"@id":"https:\/\/bvbdl.de\/#organization"},"potentialAction":[{"@type":"SearchAction","target":{"@type":"EntryPoint","urlTemplate":"https:\/\/bvbdl.de\/?s={search_term_string}"},"query-input":{"@type":"PropertyValueSpecification","valueRequired":true,"valueName":"search_term_string"}}],"inLanguage":"de"},{"@type":"Organization","@id":"https:\/\/bvbdl.de\/#organization","name":"Bundesverband der B\u00fcrger- und Dorfl\u00e4den in Deutschland e.V.","url":"https:\/\/bvbdl.de\/","logo":{"@type":"ImageObject","inLanguage":"de","@id":"https:\/\/bvbdl.de\/#\/schema\/logo\/image\/","url":"https:\/\/bvbdl.de\/wp-content\/uploads\/2025\/02\/Logo_Bundesverband_with_border.png","contentUrl":"https:\/\/bvbdl.de\/wp-content\/uploads\/2025\/02\/Logo_Bundesverband_with_border.png","width":302,"height":278,"caption":"Bundesverband der B\u00fcrger- und Dorfl\u00e4den in Deutschland e.V."},"image":{"@id":"https:\/\/bvbdl.de\/#\/schema\/logo\/image\/"},"sameAs":["https:\/\/www.facebook.com\/Dorfladen.Familie","https:\/\/www.instagram.com\/dorfladennetzwerk\/","https:\/\/www.youtube.com\/channel\/UCiIcZBpITXauy6ydrZiZIew"]}]}},"_links":{"self":[{"href":"https:\/\/bvbdl.de\/index.php\/wp-json\/wp\/v2\/pages\/4598","targetHints":{"allow":["GET"]}}],"collection":[{"href":"https:\/\/bvbdl.de\/index.php\/wp-json\/wp\/v2\/pages"}],"about":[{"href":"https:\/\/bvbdl.de\/index.php\/wp-json\/wp\/v2\/types\/page"}],"author":[{"embeddable":true,"href":"https:\/\/bvbdl.de\/index.php\/wp-json\/wp\/v2\/users\/1"}],"replies":[{"embeddable":true,"href":"https:\/\/bvbdl.de\/index.php\/wp-json\/wp\/v2\/comments?post=4598"}],"version-history":[{"count":34,"href":"https:\/\/bvbdl.de\/index.php\/wp-json\/wp\/v2\/pages\/4598\/revisions"}],"predecessor-version":[{"id":5943,"href":"https:\/\/bvbdl.de\/index.php\/wp-json\/wp\/v2\/pages\/4598\/revisions\/5943"}],"wp:attachment":[{"href":"https:\/\/bvbdl.de\/index.php\/wp-json\/wp\/v2\/media?parent=4598"}],"curies":[{"name":"wp","href":"https:\/\/api.w.org\/{rel}","templated":true}]}}